{"id":4364,"date":"2018-01-29T13:29:44","date_gmt":"2018-01-29T12:29:44","guid":{"rendered":"http:\/\/www.imusiciveneziani.com\/prodotto\/barocco-opera\/"},"modified":"2018-10-10T10:42:37","modified_gmt":"2018-10-10T08:42:37","slug":"barocco-opera","status":"publish","type":"product","link":"https:\/\/www.imusiciveneziani.com\/es\/prodotto\/barocco-opera\/","title":{"rendered":"Barroco y \u00f3pera"},"content":{"rendered":"<div class=\"page\" title=\"Page 2\">\n<div class=\"section\">\n<div class=\"layoutArea\">\n<div class=\"column\">\n<p>En este CD, la orquesta I Musici Veneziani, compuesta por una cuidada selecci\u00f3n de los virtuosos venecianos con m\u00e1s talento, toca el extraordinario concierto de \u00f3pera \u00abBarroco y \u00f3pera\u00bb, en el que cantantes sopranos, tenores y bar\u00edtonos de renombre internacional interpretan las arias m\u00e1s encantadoras del per\u00edodo barroco.<\/p>\n<p>Los conciertos de I Musici Veneziani, engrandecidos por los bell\u00edsimos trajes del siglo XVIII, se ofrecen en el prestigioso Sal\u00f3n Principal de la Scuola Grande di San Teodoro, en Rialto. Este maravilloso sal\u00f3n fue dise\u00f1ado por Baldassare Longhena y est\u00e1 decorado con pinturas de los siglos XVII y XVIII de Vassilacchi, Jacopo Palma il Giovane, Balestra, Bassano. La Sala de Conciertos m\u00e1s prestigiosa de Venecia.<\/p>\n<p>&nbsp;<\/p>\n<p><strong>Programa<\/strong><\/p>\n<p><em>D.CIMAROSA<\/em><br \/>\nSinfonia in Re maggiore per Orchestra (3&#8217;47\u201d)<\/p>\n<p><em>W. A. MOZART<\/em><br \/>\n\u201cLe Nozze di Figaro\u201d &#8211; \u201cVoi che sapete\u201d per Soprano (2\u201959\u201d)<\/p>\n<p><em>G. ROSSINI<\/em><br \/>\n\u201cIl Barbiere di Siviglia\u201d &#8211; \u201cUna voce poco fa\u201d per Soprano (5\u201947\u2019\u2019)<\/p>\n<p><em>J.OFFENBACH<\/em><br \/>\n\u201cI Racconti di Hoffman\u201d &#8211; \u201cBarcarola\u201d per Orchestra (2\u201925\u201d)<\/p>\n<p><em>G. ROSSINI<\/em><br \/>\n\u201cIl Barbiere di Siviglia\u201d &#8211; \u201cLa calunnia\u201d per Tenore (3\u201954\u2019\u2019)<\/p>\n<p><em>W.A.MOZART<\/em><br \/>\n\u201cDon Giovanni\u201d &#8211; \u201cLa\u0300 ci darem la mano\u201d<br \/>\nDuetto per Soprano e Baritono (3\u201900\u2019\u2019)<\/p>\n<p><em>G.VERDI<\/em><br \/>\n\u201cLa Traviata\u201d &#8211; \u201cPreludio al primo atto\u201d per Orchestra (3\u201944\u201d)<\/p>\n<p><em>G. PUCCINI<\/em><br \/>\n\u201cLa Boh\u00e8me\u201d- \u201cQuando men v\u00f2\u201d per Soprano (2\u201927\u2019\u2019)<\/p>\n<p><em>G. PUCCINI<\/em><br \/>\n\u201cTosca\u201d &#8211; \u201cE lucean le stelle\u201d \u201d per Tenore (3\u201910\u2019\u2019)<\/p>\n<p><em>G.VERDI<\/em><br \/>\n\u201cLa Traviata\u201d &#8211; \u201cAddio del passato\u201d per Soprano (2\u201956\u2019\u2019)<\/p>\n<p><em>G. PUCCINI<\/em><br \/>\n\u201cGianni Schicchi\u201d &#8211; \u201cO mio babbino caro\u201d \u201d per Soprano (2\u201930\u2019\u2019)<\/p>\n<p><em>G. VERDI<\/em><br \/>\n\u201cRigoletto\u201d &#8211; \u201cLa donna e\u0300 mobile\u201d per Tenore (2\u2019 10\u2019\u2019)<\/p>\n<p><em>G. VERDI<\/em><br \/>\n\u201cLa Traviata\u201d &#8211; \u201cLibiamo ne\u2019 lieti calici\u201d Duetto per Soprano e Tenore (3\u201906\u2019\u2019)<\/p>\n<\/div>\n<\/div>\n<\/div>\n<\/div>\n","protected":false},"excerpt":{"rendered":"<p>En este CD, la orquesta I Musici Veneziani, compuesta por una cuidada selecci\u00f3n de los virtuosos venecianos con m\u00e1s talento,&#8230;<\/p>\n","protected":false},"featured_media":1183,"template":"","meta":[],"product_cat":[29],"product_tag":[],"acf":[],"yoast_head":"<!-- This site is optimized with the Yoast SEO plugin v21.5 - https:\/\/yoast.com\/wordpress\/plugins\/seo\/ -->\n<title>Barroco y \u00f3pera | I Musici Veneziani<\/title>\n<meta name=\"description\" content=\"En este CD, la orquesta I Musici Veneziani, compuesta por una cuidada selecci\u00f3n de los virtuosos venecianos con m\u00e1s talento, toca el extraordinario\" \/>\n<meta name=\"robots\" content=\"index, follow, max-snippet:-1, max-image-preview:large, max-video-preview:-1\" \/>\n<link rel=\"canonical\" href=\"https:\/\/www.imusiciveneziani.com\/es\/prodotto\/barocco-opera\/\" \/>\n<meta property=\"og:locale\" content=\"it_IT\" \/>\n<meta property=\"og:type\" content=\"article\" \/>\n<meta property=\"og:title\" content=\"Barroco y \u00f3pera | I Musici Veneziani\" \/>\n<meta property=\"og:description\" content=\"En este CD, la orquesta I Musici Veneziani, compuesta por una cuidada selecci\u00f3n de los virtuosos venecianos con m\u00e1s talento, toca el extraordinario\" \/>\n<meta property=\"og:url\" content=\"https:\/\/www.imusiciveneziani.com\/es\/prodotto\/barocco-opera\/\" \/>\n<meta property=\"og:site_name\" content=\"I Musici Veneziani\" \/>\n<meta property=\"article:modified_time\" content=\"2018-10-10T08:42:37+00:00\" \/>\n<meta property=\"og:image\" content=\"https:\/\/www.imusiciveneziani.com\/wp-content\/uploads\/2018\/01\/barocco_cd.jpg\" \/>\n\t<meta property=\"og:image:width\" content=\"1419\" \/>\n\t<meta property=\"og:image:height\" content=\"1468\" \/>\n\t<meta property=\"og:image:type\" content=\"image\/jpeg\" \/>\n<meta name=\"twitter:card\" content=\"summary_large_image\" \/>\n<meta name=\"twitter:label1\" content=\"Tempo di lettura stimato\" \/>\n\t<meta name=\"twitter:data1\" content=\"1 minuto\" \/>\n<script type=\"application\/ld+json\" class=\"yoast-schema-graph\">{\"@context\":\"https:\/\/schema.org\",\"@graph\":[{\"@type\":\"WebPage\",\"@id\":\"https:\/\/www.imusiciveneziani.com\/es\/prodotto\/barocco-opera\/\",\"url\":\"https:\/\/www.imusiciveneziani.com\/es\/prodotto\/barocco-opera\/\",\"name\":\"Barroco y \u00f3pera | I Musici Veneziani\",\"isPartOf\":{\"@id\":\"https:\/\/www.imusiciveneziani.com\/#website\"},\"datePublished\":\"2018-01-29T12:29:44+00:00\",\"dateModified\":\"2018-10-10T08:42:37+00:00\",\"description\":\"En este CD, la orquesta I Musici Veneziani, compuesta por una cuidada selecci\u00f3n de los virtuosos venecianos con m\u00e1s talento, toca el extraordinario\",\"breadcrumb\":{\"@id\":\"https:\/\/www.imusiciveneziani.com\/es\/prodotto\/barocco-opera\/#breadcrumb\"},\"inLanguage\":\"it-IT\",\"potentialAction\":[{\"@type\":\"ReadAction\",\"target\":[\"https:\/\/www.imusiciveneziani.com\/es\/prodotto\/barocco-opera\/\"]}]},{\"@type\":\"BreadcrumbList\",\"@id\":\"https:\/\/www.imusiciveneziani.com\/es\/prodotto\/barocco-opera\/#breadcrumb\",\"itemListElement\":[{\"@type\":\"ListItem\",\"position\":1,\"name\":\"Home\",\"item\":\"https:\/\/www.imusiciveneziani.com\/\"},{\"@type\":\"ListItem\",\"position\":2,\"name\":\"Cd\",\"item\":\"https:\/\/www.imusiciveneziani.com\/cd\/\"},{\"@type\":\"ListItem\",\"position\":3,\"name\":\"Barroco y \u00f3pera\"}]},{\"@type\":\"WebSite\",\"@id\":\"https:\/\/www.imusiciveneziani.com\/#website\",\"url\":\"https:\/\/www.imusiciveneziani.com\/\",\"name\":\"I Musici Veneziani\",\"description\":\"Orchestra e cantanti in costumi del XVIII secolo\",\"publisher\":{\"@id\":\"https:\/\/www.imusiciveneziani.com\/#organization\"},\"potentialAction\":[{\"@type\":\"SearchAction\",\"target\":{\"@type\":\"EntryPoint\",\"urlTemplate\":\"https:\/\/www.imusiciveneziani.com\/?s={search_term_string}\"},\"query-input\":\"required name=search_term_string\"}],\"inLanguage\":\"it-IT\"},{\"@type\":\"Organization\",\"@id\":\"https:\/\/www.imusiciveneziani.com\/#organization\",\"name\":\"I Musici Veneziani\",\"url\":\"https:\/\/www.imusiciveneziani.com\/\",\"logo\":{\"@type\":\"ImageObject\",\"inLanguage\":\"it-IT\",\"@id\":\"https:\/\/www.imusiciveneziani.com\/#\/schema\/logo\/image\/\",\"url\":\"https:\/\/beta.newwave-media.it\/musici\/wp-content\/uploads\/2018\/01\/logo_voucher-2.jpg\",\"contentUrl\":\"https:\/\/beta.newwave-media.it\/musici\/wp-content\/uploads\/2018\/01\/logo_voucher-2.jpg\",\"width\":400,\"height\":200,\"caption\":\"I Musici Veneziani\"},\"image\":{\"@id\":\"https:\/\/www.imusiciveneziani.com\/#\/schema\/logo\/image\/\"}}]}<\/script>\n<!-- \/ Yoast SEO plugin. -->","yoast_head_json":{"title":"Barroco y \u00f3pera | I Musici Veneziani","description":"En este CD, la orquesta I Musici Veneziani, compuesta por una cuidada selecci\u00f3n de los virtuosos venecianos con m\u00e1s talento, toca el extraordinario","robots":{"index":"index","follow":"follow","max-snippet":"max-snippet:-1","max-image-preview":"max-image-preview:large","max-video-preview":"max-video-preview:-1"},"canonical":"https:\/\/www.imusiciveneziani.com\/es\/prodotto\/barocco-opera\/","og_locale":"it_IT","og_type":"article","og_title":"Barroco y \u00f3pera | I Musici Veneziani","og_description":"En este CD, la orquesta I Musici Veneziani, compuesta por una cuidada selecci\u00f3n de los virtuosos venecianos con m\u00e1s talento, toca el extraordinario","og_url":"https:\/\/www.imusiciveneziani.com\/es\/prodotto\/barocco-opera\/","og_site_name":"I Musici Veneziani","article_modified_time":"2018-10-10T08:42:37+00:00","og_image":[{"width":1419,"height":1468,"url":"https:\/\/www.imusiciveneziani.com\/wp-content\/uploads\/2018\/01\/barocco_cd.jpg","type":"image\/jpeg"}],"twitter_card":"summary_large_image","twitter_misc":{"Tempo di lettura stimato":"1 minuto"},"schema":{"@context":"https:\/\/schema.org","@graph":[{"@type":"WebPage","@id":"https:\/\/www.imusiciveneziani.com\/es\/prodotto\/barocco-opera\/","url":"https:\/\/www.imusiciveneziani.com\/es\/prodotto\/barocco-opera\/","name":"Barroco y \u00f3pera | I Musici Veneziani","isPartOf":{"@id":"https:\/\/www.imusiciveneziani.com\/#website"},"datePublished":"2018-01-29T12:29:44+00:00","dateModified":"2018-10-10T08:42:37+00:00","description":"En este CD, la orquesta I Musici Veneziani, compuesta por una cuidada selecci\u00f3n de los virtuosos venecianos con m\u00e1s talento, toca el extraordinario","breadcrumb":{"@id":"https:\/\/www.imusiciveneziani.com\/es\/prodotto\/barocco-opera\/#breadcrumb"},"inLanguage":"it-IT","potentialAction":[{"@type":"ReadAction","target":["https:\/\/www.imusiciveneziani.com\/es\/prodotto\/barocco-opera\/"]}]},{"@type":"BreadcrumbList","@id":"https:\/\/www.imusiciveneziani.com\/es\/prodotto\/barocco-opera\/#breadcrumb","itemListElement":[{"@type":"ListItem","position":1,"name":"Home","item":"https:\/\/www.imusiciveneziani.com\/"},{"@type":"ListItem","position":2,"name":"Cd","item":"https:\/\/www.imusiciveneziani.com\/cd\/"},{"@type":"ListItem","position":3,"name":"Barroco y \u00f3pera"}]},{"@type":"WebSite","@id":"https:\/\/www.imusiciveneziani.com\/#website","url":"https:\/\/www.imusiciveneziani.com\/","name":"I Musici Veneziani","description":"Orchestra e cantanti in costumi del XVIII secolo","publisher":{"@id":"https:\/\/www.imusiciveneziani.com\/#organization"},"potentialAction":[{"@type":"SearchAction","target":{"@type":"EntryPoint","urlTemplate":"https:\/\/www.imusiciveneziani.com\/?s={search_term_string}"},"query-input":"required name=search_term_string"}],"inLanguage":"it-IT"},{"@type":"Organization","@id":"https:\/\/www.imusiciveneziani.com\/#organization","name":"I Musici Veneziani","url":"https:\/\/www.imusiciveneziani.com\/","logo":{"@type":"ImageObject","inLanguage":"it-IT","@id":"https:\/\/www.imusiciveneziani.com\/#\/schema\/logo\/image\/","url":"https:\/\/beta.newwave-media.it\/musici\/wp-content\/uploads\/2018\/01\/logo_voucher-2.jpg","contentUrl":"https:\/\/beta.newwave-media.it\/musici\/wp-content\/uploads\/2018\/01\/logo_voucher-2.jpg","width":400,"height":200,"caption":"I Musici Veneziani"},"image":{"@id":"https:\/\/www.imusiciveneziani.com\/#\/schema\/logo\/image\/"}}]}},"_links":{"self":[{"href":"https:\/\/www.imusiciveneziani.com\/wp-json\/wp\/v2\/product\/4364"}],"collection":[{"href":"https:\/\/www.imusiciveneziani.com\/wp-json\/wp\/v2\/product"}],"about":[{"href":"https:\/\/www.imusiciveneziani.com\/wp-json\/wp\/v2\/types\/product"}],"wp:featuredmedia":[{"embeddable":true,"href":"https:\/\/www.imusiciveneziani.com\/wp-json\/wp\/v2\/media\/1183"}],"wp:attachment":[{"href":"https:\/\/www.imusiciveneziani.com\/wp-json\/wp\/v2\/media?parent=4364"}],"wp:term":[{"taxonomy":"product_cat","embeddable":true,"href":"https:\/\/www.imusiciveneziani.com\/wp-json\/wp\/v2\/product_cat?post=4364"},{"taxonomy":"product_tag","embeddable":true,"href":"https:\/\/www.imusiciveneziani.com\/wp-json\/wp\/v2\/product_tag?post=4364"}],"curies":[{"name":"wp","href":"https:\/\/api.w.org\/{rel}","templated":true}]}}

Barroco y ópera

<div class="page" title="Page 2">
<div class="section">
<div class="layoutArea">
<div class="column">
<p>En este CD, la orquesta I Musici Veneziani, compuesta por una cuidada selección de los virtuosos venecianos con más talento, toca el extraordinario concierto de ópera «Barroco y ópera», en el que cantantes sopranos, tenores y barítonos de renombre internacional interpretan las arias más encantadoras del período barroco.</p>
<p>Los conciertos de I Musici Veneziani, engrandecidos por los bellísimos trajes del siglo XVIII, se ofrecen en el prestigioso Salón Principal de la Scuola Grande di San Teodoro, en Rialto. Este maravilloso salón fue diseñado por Baldassare Longhena y está decorado con pinturas de los siglos XVII y XVIII de Vassilacchi, Jacopo Palma il Giovane, Balestra, Bassano. La Sala de Conciertos más prestigiosa de Venecia.</p>
<p>&nbsp;</p>
<p><strong>Programa</strong></p>
<p><em>D.CIMAROSA</em><br />
Sinfonia in Re maggiore per Orchestra (3&#8217;47”)</p>
<p><em>W. A. MOZART</em><br />
“Le Nozze di Figaro” &#8211; “Voi che sapete” per Soprano (2’59”)</p>
<p><em>G. ROSSINI</em><br />
“Il Barbiere di Siviglia” &#8211; “Una voce poco fa” per Soprano (5’47’’)</p>
<p><em>J.OFFENBACH</em><br />
“I Racconti di Hoffman” &#8211; “Barcarola” per Orchestra (2’25”)</p>
<p><em>G. ROSSINI</em><br />
“Il Barbiere di Siviglia” &#8211; “La calunnia” per Tenore (3’54’’)</p>
<p><em>W.A.MOZART</em><br />
“Don Giovanni” &#8211; “Là ci darem la mano”<br />
Duetto per Soprano e Baritono (3’00’’)</p>
<p><em>G.VERDI</em><br />
“La Traviata” &#8211; “Preludio al primo atto” per Orchestra (3’44”)</p>
<p><em>G. PUCCINI</em><br />
“La Bohème”- “Quando men vò” per Soprano (2’27’’)</p>
<p><em>G. PUCCINI</em><br />
“Tosca” &#8211; “E lucean le stelle” ” per Tenore (3’10’’)</p>
<p><em>G.VERDI</em><br />
“La Traviata” &#8211; “Addio del passato” per Soprano (2’56’’)</p>
<p><em>G. PUCCINI</em><br />
“Gianni Schicchi” &#8211; “O mio babbino caro” ” per Soprano (2’30’’)</p>
<p><em>G. VERDI</em><br />
“Rigoletto” &#8211; “La donna è mobile” per Tenore (2’ 10’’)</p>
<p><em>G. VERDI</em><br />
“La Traviata” &#8211; “Libiamo ne’ lieti calici” Duetto per Soprano e Tenore (3’06’’)</p>
</div>
</div>
</div>
</div>

<p>En este CD, la orquesta I Musici Veneziani, compuesta por una cuidada selección de los virtuosos venecianos con más talento,&#8230;</p>

<!-- This site is optimized with the Yoast SEO plugin v21.5 - https://yoast.com/wordpress/plugins/seo/ -->
<title>Barroco y ópera | I Musici Veneziani</title>
<meta name="description" content="En este CD, la orquesta I Musici Veneziani, compuesta por una cuidada selección de los virtuosos venecianos con más talento, toca el extraordinario" />
<meta name="robots" content="index, follow, max-snippet:-1, max-image-preview:large, max-video-preview:-1" />
<link rel="canonical" href="https://www.imusiciveneziani.com/es/prodotto/barocco-opera/" />
<meta property="og:locale" content="it_IT" />
<meta property="og:type" content="article" />
<meta property="og:title" content="Barroco y ópera | I Musici Veneziani" />
<meta property="og:description" content="En este CD, la orquesta I Musici Veneziani, compuesta por una cuidada selección de los virtuosos venecianos con más talento, toca el extraordinario" />
<meta property="og:url" content="https://www.imusiciveneziani.com/es/prodotto/barocco-opera/" />
<meta property="og:site_name" content="I Musici Veneziani" />
<meta property="article:modified_time" content="2018-10-10T08:42:37+00:00" />
<meta property="og:image" content="https://www.imusiciveneziani.com/wp-content/uploads/2018/01/barocco_cd.jpg" />
	<meta property="og:image:width" content="1419" />
	<meta property="og:image:height" content="1468" />
	<meta property="og:image:type" content="image/jpeg" />
<meta name="twitter:card" content="summary_large_image" />
<meta name="twitter:label1" content="Tempo di lettura stimato" />
	<meta name="twitter:data1" content="1 minuto" />
<script type="application/ld+json" class="yoast-schema-graph">{"@context":"https://schema.org","@graph":[{"@type":"WebPage","@id":"https://www.imusiciveneziani.com/es/prodotto/barocco-opera/","url":"https://www.imusiciveneziani.com/es/prodotto/barocco-opera/","name":"Barroco y ópera | I Musici Veneziani","isPartOf":{"@id":"https://www.imusiciveneziani.com/#website"},"datePublished":"2018-01-29T12:29:44+00:00","dateModified":"2018-10-10T08:42:37+00:00","description":"En este CD, la orquesta I Musici Veneziani, compuesta por una cuidada selección de los virtuosos venecianos con más talento, toca el extraordinario","breadcrumb":{"@id":"https://www.imusiciveneziani.com/es/prodotto/barocco-opera/#breadcrumb"},"inLanguage":"it-IT","potentialAction":[{"@type":"ReadAction","target":["https://www.imusiciveneziani.com/es/prodotto/barocco-opera/"]}]},{"@type":"BreadcrumbList","@id":"https://www.imusiciveneziani.com/es/prodotto/barocco-opera/#breadcrumb","itemListElement":[{"@type":"ListItem","position":1,"name":"Home","item":"https://www.imusiciveneziani.com/"},{"@type":"ListItem","position":2,"name":"Cd","item":"https://www.imusiciveneziani.com/cd/"},{"@type":"ListItem","position":3,"name":"Barroco y ópera"}]},{"@type":"WebSite","@id":"https://www.imusiciveneziani.com/#website","url":"https://www.imusiciveneziani.com/","name":"I Musici Veneziani","description":"Orchestra e cantanti in costumi del XVIII secolo","publisher":{"@id":"https://www.imusiciveneziani.com/#organization"},"potentialAction":[{"@type":"SearchAction","target":{"@type":"EntryPoint","urlTemplate":"https://www.imusiciveneziani.com/?s={search_term_string}"},"query-input":"required name=search_term_string"}],"inLanguage":"it-IT"},{"@type":"Organization","@id":"https://www.imusiciveneziani.com/#organization","name":"I Musici Veneziani","url":"https://www.imusiciveneziani.com/","logo":{"@type":"ImageObject","inLanguage":"it-IT","@id":"https://www.imusiciveneziani.com/#/schema/logo/image/","url":"https://beta.newwave-media.it/musici/wp-content/uploads/2018/01/logo_voucher-2.jpg","contentUrl":"https://beta.newwave-media.it/musici/wp-content/uploads/2018/01/logo_voucher-2.jpg","width":400,"height":200,"caption":"I Musici Veneziani"},"image":{"@id":"https://www.imusiciveneziani.com/#/schema/logo/image/"}}]}</script>
<!-- / Yoast SEO plugin. -->

Barroco y ópera | I Musici Veneziani

En este CD, la orquesta I Musici Veneziani, compuesta por una cuidada selección de los virtuosos venecianos con más talento, toca el extraordinario
