{"id":1425,"date":"2018-01-29T12:13:34","date_gmt":"2018-01-29T11:13:34","guid":{"rendered":"http:\/\/www.imusiciveneziani.com\/prodotto\/le-piu-belle-arie-dopera-volume-i\/"},"modified":"2018-02-07T14:46:41","modified_gmt":"2018-02-07T13:46:41","slug":"les-plus-beaux-airs-dopera-volume-i","status":"publish","type":"product","link":"https:\/\/www.imusiciveneziani.com\/fr\/prodotto\/les-plus-beaux-airs-dopera-volume-i\/","title":{"rendered":"Les plus beaux airs d&#8217;op\u00e9ra &#8211; Volume I"},"content":{"rendered":"<div class=\"page\" title=\"Page 2\">\n<div class=\"section\">\n<div class=\"layoutArea\">\n<div class=\"column\">\n<p>LA RENCONTRE SPECTACULAIRE DE L&#8217;ART AVEC L&#8217;HISTOIRE<\/p>\n<p>L&#8217;Orchestre de I Musici Veneziani doit son nom c\u00e9l\u00e8bre \u00e0 la s\u00e9lection rigoureuse des professeurs les plus talentueux de la naissance ou de la culture v\u00e9nitienne.<br \/>\nDans cet enregistrement, le groupe r\u00e9alise, de mani\u00e8re fid\u00e8le et brillante, un programme consacr\u00e9 aux plus beaux airs de la tradition lyrique interpr\u00e9t\u00e9s par Soprano, Mezzosoprano, Tenore et Baritono.<\/p>\n<p>Les musiciens v\u00e9nitiens se produisent dans les plus importants auditoriums italiens, \u00e9glises et salles de concert, y compris la prestigieuse \u00e9glise de San Paolo dans les murs de Rome, dans laquelle ce CD a \u00e9t\u00e9 enregistr\u00e9.<\/p>\n<\/div>\n<\/div>\n<\/div>\n<\/div>\n<p>&nbsp;<\/p>\n<div id=\"player_audio\"><strong>Programme<\/strong><\/div>\n<div><\/div>\n<div><em>W. A. MOZART &#8211; \u201dLe Nozze di Figaro\u201d<\/em><br \/>\nPorgi amor (3\u201910\u2019\u2019)<em>G. ROSSINI &#8211; \u201cIl Barbiere di Siviglia\u201d<\/em><br \/>\nA un dottor della mia sorte (4\u201939\u2019\u2019)<em>J. OFFENBACH &#8211; \u201cI Racconti di Hoffmann\u201d<\/em><br \/>\nBarcarola (2\u201926\u2019\u2019)<em>G. VERDI &#8211; \u201cRigoletto\u201d<\/em><br \/>\nQuesta o quella (1\u201957\u2019\u2019)<em>G. BIZET &#8211; \u201cCarmen\u201d<\/em><br \/>\nSeguidilla (2\u201909\u2019\u2019)<\/p>\n<p><em>G. PUCCINI &#8211; \u201cLa Bohe\u0300me\u201d<\/em><br \/>\nChe penna infame (3\u201941\u2019\u2019)<\/p>\n<p><em>G. VERDI &#8211; \u201cLa Traviata\u201d<\/em><br \/>\nLibiamo ne\u2019 lieti calici (3\u201906\u2019\u2019)<\/p>\n<p><em>G. VERDI &#8211; \u201cNabucco\u201d<\/em><br \/>\nVa pensiero (4\u201917\u2019\u2019)<\/p>\n<p><em>W. A. MOZART &#8211; \u201cDon Giovanni\u201d<br \/>\n<\/em>Madamina il catalogo e\u0300 questo (5\u201947\u2019\u2019)<\/p>\n<p><em>J. MASSENET &#8211; \u201cWerther\u201d<\/em><br \/>\nVa! laisse couler mes larmes (2\u201936\u2019\u2019)<\/p>\n<p><em>G. VERDI &#8211; \u201cLa Traviata\u201d<\/em><br \/>\nParigi o cara (3\u201923\u2019\u2019)<\/p>\n<p><em>G. ROSSINI &#8211; \u201cL\u2019Italiana in Algeri\u201d<\/em><br \/>\nO che muso&#8230; (4\u201913\u2019\u2019)<\/p>\n<p><em>G. BIZET &#8211; \u201cCarmen\u201d<\/em><br \/>\nLa fleur que tu m\u2019avais jete\u0301e (4\u201940\u2019\u2019)<\/p>\n<p><em>G. DONIZETTI &#8211; \u201cL\u2019Elisir d\u2019Amore\u201d<\/em><br \/>\nBenedette queste carte (3\u201927\u2019\u2019)<\/p>\n<\/div>\n","protected":false},"excerpt":{"rendered":"<p>LA RENCONTRE SPECTACULAIRE DE L&#8217;ART AVEC L&#8217;HISTOIRE L&#8217;Orchestre de I Musici Veneziani doit son nom c\u00e9l\u00e8bre \u00e0 la s\u00e9lection rigoureuse&#8230;<\/p>\n","protected":false},"featured_media":1138,"template":"","meta":[],"product_cat":[24],"product_tag":[],"acf":[],"yoast_head":"<!-- This site is optimized with the Yoast SEO plugin v21.5 - https:\/\/yoast.com\/wordpress\/plugins\/seo\/ -->\n<title>Les plus beaux airs d&#039;op\u00e9ra - Volume I | I Musici Veneziani<\/title>\n<meta name=\"description\" content=\"LA RENCONTRE SPECTACULAIRE DE L&#039;ART AVEC L&#039;HISTOIRE L&#039;Orchestre de I Musici Veneziani doit son nom c\u00e9l\u00e8bre \u00e0 la s\u00e9lection rigoureuse des professeurs les\" \/>\n<meta name=\"robots\" content=\"index, follow, max-snippet:-1, max-image-preview:large, max-video-preview:-1\" \/>\n<link rel=\"canonical\" href=\"https:\/\/www.imusiciveneziani.com\/fr\/prodotto\/les-plus-beaux-airs-dopera-volume-i\/\" \/>\n<meta property=\"og:locale\" content=\"it_IT\" \/>\n<meta property=\"og:type\" content=\"article\" \/>\n<meta property=\"og:title\" content=\"Les plus beaux airs d&#039;op\u00e9ra - Volume I | I Musici Veneziani\" \/>\n<meta property=\"og:description\" content=\"LA RENCONTRE SPECTACULAIRE DE L&#039;ART AVEC L&#039;HISTOIRE L&#039;Orchestre de I Musici Veneziani doit son nom c\u00e9l\u00e8bre \u00e0 la s\u00e9lection rigoureuse des professeurs les\" \/>\n<meta property=\"og:url\" content=\"https:\/\/www.imusiciveneziani.com\/fr\/prodotto\/les-plus-beaux-airs-dopera-volume-i\/\" \/>\n<meta property=\"og:site_name\" content=\"I Musici Veneziani\" \/>\n<meta property=\"article:modified_time\" content=\"2018-02-07T13:46:41+00:00\" \/>\n<meta property=\"og:image\" content=\"https:\/\/www.imusiciveneziani.com\/wp-content\/uploads\/2018\/01\/arie_opera_1.jpg\" \/>\n\t<meta property=\"og:image:width\" content=\"1451\" \/>\n\t<meta property=\"og:image:height\" content=\"1489\" \/>\n\t<meta property=\"og:image:type\" content=\"image\/jpeg\" \/>\n<meta name=\"twitter:card\" content=\"summary_large_image\" \/>\n<meta name=\"twitter:label1\" content=\"Tempo di lettura stimato\" \/>\n\t<meta name=\"twitter:data1\" content=\"1 minuto\" \/>\n<script type=\"application\/ld+json\" class=\"yoast-schema-graph\">{\"@context\":\"https:\/\/schema.org\",\"@graph\":[{\"@type\":\"WebPage\",\"@id\":\"https:\/\/www.imusiciveneziani.com\/fr\/prodotto\/les-plus-beaux-airs-dopera-volume-i\/\",\"url\":\"https:\/\/www.imusiciveneziani.com\/fr\/prodotto\/les-plus-beaux-airs-dopera-volume-i\/\",\"name\":\"Les plus beaux airs d'op\u00e9ra - Volume I | I Musici Veneziani\",\"isPartOf\":{\"@id\":\"https:\/\/www.imusiciveneziani.com\/#website\"},\"datePublished\":\"2018-01-29T11:13:34+00:00\",\"dateModified\":\"2018-02-07T13:46:41+00:00\",\"description\":\"LA RENCONTRE SPECTACULAIRE DE L'ART AVEC L'HISTOIRE L'Orchestre de I Musici Veneziani doit son nom c\u00e9l\u00e8bre \u00e0 la s\u00e9lection rigoureuse des professeurs les\",\"breadcrumb\":{\"@id\":\"https:\/\/www.imusiciveneziani.com\/fr\/prodotto\/les-plus-beaux-airs-dopera-volume-i\/#breadcrumb\"},\"inLanguage\":\"it-IT\",\"potentialAction\":[{\"@type\":\"ReadAction\",\"target\":[\"https:\/\/www.imusiciveneziani.com\/fr\/prodotto\/les-plus-beaux-airs-dopera-volume-i\/\"]}]},{\"@type\":\"BreadcrumbList\",\"@id\":\"https:\/\/www.imusiciveneziani.com\/fr\/prodotto\/les-plus-beaux-airs-dopera-volume-i\/#breadcrumb\",\"itemListElement\":[{\"@type\":\"ListItem\",\"position\":1,\"name\":\"Home\",\"item\":\"https:\/\/www.imusiciveneziani.com\/\"},{\"@type\":\"ListItem\",\"position\":2,\"name\":\"Cd\",\"item\":\"https:\/\/www.imusiciveneziani.com\/cd\/\"},{\"@type\":\"ListItem\",\"position\":3,\"name\":\"Les plus beaux airs d&#8217;op\u00e9ra &#8211; Volume I\"}]},{\"@type\":\"WebSite\",\"@id\":\"https:\/\/www.imusiciveneziani.com\/#website\",\"url\":\"https:\/\/www.imusiciveneziani.com\/\",\"name\":\"I Musici Veneziani\",\"description\":\"Orchestra e cantanti in costumi del XVIII secolo\",\"publisher\":{\"@id\":\"https:\/\/www.imusiciveneziani.com\/#organization\"},\"potentialAction\":[{\"@type\":\"SearchAction\",\"target\":{\"@type\":\"EntryPoint\",\"urlTemplate\":\"https:\/\/www.imusiciveneziani.com\/?s={search_term_string}\"},\"query-input\":\"required name=search_term_string\"}],\"inLanguage\":\"it-IT\"},{\"@type\":\"Organization\",\"@id\":\"https:\/\/www.imusiciveneziani.com\/#organization\",\"name\":\"I Musici Veneziani\",\"url\":\"https:\/\/www.imusiciveneziani.com\/\",\"logo\":{\"@type\":\"ImageObject\",\"inLanguage\":\"it-IT\",\"@id\":\"https:\/\/www.imusiciveneziani.com\/#\/schema\/logo\/image\/\",\"url\":\"https:\/\/beta.newwave-media.it\/musici\/wp-content\/uploads\/2018\/01\/logo_voucher-2.jpg\",\"contentUrl\":\"https:\/\/beta.newwave-media.it\/musici\/wp-content\/uploads\/2018\/01\/logo_voucher-2.jpg\",\"width\":400,\"height\":200,\"caption\":\"I Musici Veneziani\"},\"image\":{\"@id\":\"https:\/\/www.imusiciveneziani.com\/#\/schema\/logo\/image\/\"}}]}<\/script>\n<!-- \/ Yoast SEO plugin. -->","yoast_head_json":{"title":"Les plus beaux airs d'op\u00e9ra - Volume I | I Musici Veneziani","description":"LA RENCONTRE SPECTACULAIRE DE L'ART AVEC L'HISTOIRE L'Orchestre de I Musici Veneziani doit son nom c\u00e9l\u00e8bre \u00e0 la s\u00e9lection rigoureuse des professeurs les","robots":{"index":"index","follow":"follow","max-snippet":"max-snippet:-1","max-image-preview":"max-image-preview:large","max-video-preview":"max-video-preview:-1"},"canonical":"https:\/\/www.imusiciveneziani.com\/fr\/prodotto\/les-plus-beaux-airs-dopera-volume-i\/","og_locale":"it_IT","og_type":"article","og_title":"Les plus beaux airs d'op\u00e9ra - Volume I | I Musici Veneziani","og_description":"LA RENCONTRE SPECTACULAIRE DE L'ART AVEC L'HISTOIRE L'Orchestre de I Musici Veneziani doit son nom c\u00e9l\u00e8bre \u00e0 la s\u00e9lection rigoureuse des professeurs les","og_url":"https:\/\/www.imusiciveneziani.com\/fr\/prodotto\/les-plus-beaux-airs-dopera-volume-i\/","og_site_name":"I Musici Veneziani","article_modified_time":"2018-02-07T13:46:41+00:00","og_image":[{"width":1451,"height":1489,"url":"https:\/\/www.imusiciveneziani.com\/wp-content\/uploads\/2018\/01\/arie_opera_1.jpg","type":"image\/jpeg"}],"twitter_card":"summary_large_image","twitter_misc":{"Tempo di lettura stimato":"1 minuto"},"schema":{"@context":"https:\/\/schema.org","@graph":[{"@type":"WebPage","@id":"https:\/\/www.imusiciveneziani.com\/fr\/prodotto\/les-plus-beaux-airs-dopera-volume-i\/","url":"https:\/\/www.imusiciveneziani.com\/fr\/prodotto\/les-plus-beaux-airs-dopera-volume-i\/","name":"Les plus beaux airs d'op\u00e9ra - Volume I | I Musici Veneziani","isPartOf":{"@id":"https:\/\/www.imusiciveneziani.com\/#website"},"datePublished":"2018-01-29T11:13:34+00:00","dateModified":"2018-02-07T13:46:41+00:00","description":"LA RENCONTRE SPECTACULAIRE DE L'ART AVEC L'HISTOIRE L'Orchestre de I Musici Veneziani doit son nom c\u00e9l\u00e8bre \u00e0 la s\u00e9lection rigoureuse des professeurs les","breadcrumb":{"@id":"https:\/\/www.imusiciveneziani.com\/fr\/prodotto\/les-plus-beaux-airs-dopera-volume-i\/#breadcrumb"},"inLanguage":"it-IT","potentialAction":[{"@type":"ReadAction","target":["https:\/\/www.imusiciveneziani.com\/fr\/prodotto\/les-plus-beaux-airs-dopera-volume-i\/"]}]},{"@type":"BreadcrumbList","@id":"https:\/\/www.imusiciveneziani.com\/fr\/prodotto\/les-plus-beaux-airs-dopera-volume-i\/#breadcrumb","itemListElement":[{"@type":"ListItem","position":1,"name":"Home","item":"https:\/\/www.imusiciveneziani.com\/"},{"@type":"ListItem","position":2,"name":"Cd","item":"https:\/\/www.imusiciveneziani.com\/cd\/"},{"@type":"ListItem","position":3,"name":"Les plus beaux airs d&#8217;op\u00e9ra &#8211; Volume I"}]},{"@type":"WebSite","@id":"https:\/\/www.imusiciveneziani.com\/#website","url":"https:\/\/www.imusiciveneziani.com\/","name":"I Musici Veneziani","description":"Orchestra e cantanti in costumi del XVIII secolo","publisher":{"@id":"https:\/\/www.imusiciveneziani.com\/#organization"},"potentialAction":[{"@type":"SearchAction","target":{"@type":"EntryPoint","urlTemplate":"https:\/\/www.imusiciveneziani.com\/?s={search_term_string}"},"query-input":"required name=search_term_string"}],"inLanguage":"it-IT"},{"@type":"Organization","@id":"https:\/\/www.imusiciveneziani.com\/#organization","name":"I Musici Veneziani","url":"https:\/\/www.imusiciveneziani.com\/","logo":{"@type":"ImageObject","inLanguage":"it-IT","@id":"https:\/\/www.imusiciveneziani.com\/#\/schema\/logo\/image\/","url":"https:\/\/beta.newwave-media.it\/musici\/wp-content\/uploads\/2018\/01\/logo_voucher-2.jpg","contentUrl":"https:\/\/beta.newwave-media.it\/musici\/wp-content\/uploads\/2018\/01\/logo_voucher-2.jpg","width":400,"height":200,"caption":"I Musici Veneziani"},"image":{"@id":"https:\/\/www.imusiciveneziani.com\/#\/schema\/logo\/image\/"}}]}},"_links":{"self":[{"href":"https:\/\/www.imusiciveneziani.com\/wp-json\/wp\/v2\/product\/1425"}],"collection":[{"href":"https:\/\/www.imusiciveneziani.com\/wp-json\/wp\/v2\/product"}],"about":[{"href":"https:\/\/www.imusiciveneziani.com\/wp-json\/wp\/v2\/types\/product"}],"wp:featuredmedia":[{"embeddable":true,"href":"https:\/\/www.imusiciveneziani.com\/wp-json\/wp\/v2\/media\/1138"}],"wp:attachment":[{"href":"https:\/\/www.imusiciveneziani.com\/wp-json\/wp\/v2\/media?parent=1425"}],"wp:term":[{"taxonomy":"product_cat","embeddable":true,"href":"https:\/\/www.imusiciveneziani.com\/wp-json\/wp\/v2\/product_cat?post=1425"},{"taxonomy":"product_tag","embeddable":true,"href":"https:\/\/www.imusiciveneziani.com\/wp-json\/wp\/v2\/product_tag?post=1425"}],"curies":[{"name":"wp","href":"https:\/\/api.w.org\/{rel}","templated":true}]}}

Les plus beaux airs d&#8217;opéra &#8211; Volume I

<div class="page" title="Page 2">
<div class="section">
<div class="layoutArea">
<div class="column">
<p>LA RENCONTRE SPECTACULAIRE DE L&#8217;ART AVEC L&#8217;HISTOIRE</p>
<p>L&#8217;Orchestre de I Musici Veneziani doit son nom célèbre à la sélection rigoureuse des professeurs les plus talentueux de la naissance ou de la culture vénitienne.<br />
Dans cet enregistrement, le groupe réalise, de manière fidèle et brillante, un programme consacré aux plus beaux airs de la tradition lyrique interprétés par Soprano, Mezzosoprano, Tenore et Baritono.</p>
<p>Les musiciens vénitiens se produisent dans les plus importants auditoriums italiens, églises et salles de concert, y compris la prestigieuse église de San Paolo dans les murs de Rome, dans laquelle ce CD a été enregistré.</p>
</div>
</div>
</div>
</div>
<p>&nbsp;</p>
<div id="player_audio"><strong>Programme</strong></div>
<div></div>
<div><em>W. A. MOZART &#8211; ”Le Nozze di Figaro”</em><br />
Porgi amor (3’10’’)<em>G. ROSSINI &#8211; “Il Barbiere di Siviglia”</em><br />
A un dottor della mia sorte (4’39’’)<em>J. OFFENBACH &#8211; “I Racconti di Hoffmann”</em><br />
Barcarola (2’26’’)<em>G. VERDI &#8211; “Rigoletto”</em><br />
Questa o quella (1’57’’)<em>G. BIZET &#8211; “Carmen”</em><br />
Seguidilla (2’09’’)</p>
<p><em>G. PUCCINI &#8211; “La Bohème”</em><br />
Che penna infame (3’41’’)</p>
<p><em>G. VERDI &#8211; “La Traviata”</em><br />
Libiamo ne’ lieti calici (3’06’’)</p>
<p><em>G. VERDI &#8211; “Nabucco”</em><br />
Va pensiero (4’17’’)</p>
<p><em>W. A. MOZART &#8211; “Don Giovanni”<br />
</em>Madamina il catalogo è questo (5’47’’)</p>
<p><em>J. MASSENET &#8211; “Werther”</em><br />
Va! laisse couler mes larmes (2’36’’)</p>
<p><em>G. VERDI &#8211; “La Traviata”</em><br />
Parigi o cara (3’23’’)</p>
<p><em>G. ROSSINI &#8211; “L’Italiana in Algeri”</em><br />
O che muso&#8230; (4’13’’)</p>
<p><em>G. BIZET &#8211; “Carmen”</em><br />
La fleur que tu m’avais jetée (4’40’’)</p>
<p><em>G. DONIZETTI &#8211; “L’Elisir d’Amore”</em><br />
Benedette queste carte (3’27’’)</p>
</div>

<p>LA RENCONTRE SPECTACULAIRE DE L&#8217;ART AVEC L&#8217;HISTOIRE L&#8217;Orchestre de I Musici Veneziani doit son nom célèbre à la sélection rigoureuse&#8230;</p>

<!-- This site is optimized with the Yoast SEO plugin v21.5 - https://yoast.com/wordpress/plugins/seo/ -->
<title>Les plus beaux airs d&#039;opéra - Volume I | I Musici Veneziani</title>
<meta name="description" content="LA RENCONTRE SPECTACULAIRE DE L&#039;ART AVEC L&#039;HISTOIRE L&#039;Orchestre de I Musici Veneziani doit son nom célèbre à la sélection rigoureuse des professeurs les" />
<meta name="robots" content="index, follow, max-snippet:-1, max-image-preview:large, max-video-preview:-1" />
<link rel="canonical" href="https://www.imusiciveneziani.com/fr/prodotto/les-plus-beaux-airs-dopera-volume-i/" />
<meta property="og:locale" content="it_IT" />
<meta property="og:type" content="article" />
<meta property="og:title" content="Les plus beaux airs d&#039;opéra - Volume I | I Musici Veneziani" />
<meta property="og:description" content="LA RENCONTRE SPECTACULAIRE DE L&#039;ART AVEC L&#039;HISTOIRE L&#039;Orchestre de I Musici Veneziani doit son nom célèbre à la sélection rigoureuse des professeurs les" />
<meta property="og:url" content="https://www.imusiciveneziani.com/fr/prodotto/les-plus-beaux-airs-dopera-volume-i/" />
<meta property="og:site_name" content="I Musici Veneziani" />
<meta property="article:modified_time" content="2018-02-07T13:46:41+00:00" />
<meta property="og:image" content="https://www.imusiciveneziani.com/wp-content/uploads/2018/01/arie_opera_1.jpg" />
	<meta property="og:image:width" content="1451" />
	<meta property="og:image:height" content="1489" />
	<meta property="og:image:type" content="image/jpeg" />
<meta name="twitter:card" content="summary_large_image" />
<meta name="twitter:label1" content="Tempo di lettura stimato" />
	<meta name="twitter:data1" content="1 minuto" />
<script type="application/ld+json" class="yoast-schema-graph">{"@context":"https://schema.org","@graph":[{"@type":"WebPage","@id":"https://www.imusiciveneziani.com/fr/prodotto/les-plus-beaux-airs-dopera-volume-i/","url":"https://www.imusiciveneziani.com/fr/prodotto/les-plus-beaux-airs-dopera-volume-i/","name":"Les plus beaux airs d'opéra - Volume I | I Musici Veneziani","isPartOf":{"@id":"https://www.imusiciveneziani.com/#website"},"datePublished":"2018-01-29T11:13:34+00:00","dateModified":"2018-02-07T13:46:41+00:00","description":"LA RENCONTRE SPECTACULAIRE DE L'ART AVEC L'HISTOIRE L'Orchestre de I Musici Veneziani doit son nom célèbre à la sélection rigoureuse des professeurs les","breadcrumb":{"@id":"https://www.imusiciveneziani.com/fr/prodotto/les-plus-beaux-airs-dopera-volume-i/#breadcrumb"},"inLanguage":"it-IT","potentialAction":[{"@type":"ReadAction","target":["https://www.imusiciveneziani.com/fr/prodotto/les-plus-beaux-airs-dopera-volume-i/"]}]},{"@type":"BreadcrumbList","@id":"https://www.imusiciveneziani.com/fr/prodotto/les-plus-beaux-airs-dopera-volume-i/#breadcrumb","itemListElement":[{"@type":"ListItem","position":1,"name":"Home","item":"https://www.imusiciveneziani.com/"},{"@type":"ListItem","position":2,"name":"Cd","item":"https://www.imusiciveneziani.com/cd/"},{"@type":"ListItem","position":3,"name":"Les plus beaux airs d&#8217;opéra &#8211; Volume I"}]},{"@type":"WebSite","@id":"https://www.imusiciveneziani.com/#website","url":"https://www.imusiciveneziani.com/","name":"I Musici Veneziani","description":"Orchestra e cantanti in costumi del XVIII secolo","publisher":{"@id":"https://www.imusiciveneziani.com/#organization"},"potentialAction":[{"@type":"SearchAction","target":{"@type":"EntryPoint","urlTemplate":"https://www.imusiciveneziani.com/?s={search_term_string}"},"query-input":"required name=search_term_string"}],"inLanguage":"it-IT"},{"@type":"Organization","@id":"https://www.imusiciveneziani.com/#organization","name":"I Musici Veneziani","url":"https://www.imusiciveneziani.com/","logo":{"@type":"ImageObject","inLanguage":"it-IT","@id":"https://www.imusiciveneziani.com/#/schema/logo/image/","url":"https://beta.newwave-media.it/musici/wp-content/uploads/2018/01/logo_voucher-2.jpg","contentUrl":"https://beta.newwave-media.it/musici/wp-content/uploads/2018/01/logo_voucher-2.jpg","width":400,"height":200,"caption":"I Musici Veneziani"},"image":{"@id":"https://www.imusiciveneziani.com/#/schema/logo/image/"}}]}</script>
<!-- / Yoast SEO plugin. -->

Les plus beaux airs d'opéra - Volume I | I Musici Veneziani

LA RENCONTRE SPECTACULAIRE DE L'ART AVEC L'HISTOIRE L'Orchestre de I Musici Veneziani doit son nom célèbre à la sélection rigoureuse des professeurs les
