{"id":1426,"date":"2018-01-29T12:19:16","date_gmt":"2018-01-29T11:19:16","guid":{"rendered":"http:\/\/www.imusiciveneziani.com\/prodotto\/le-piu-belle-arie-dopera-volume-ii\/"},"modified":"2018-02-07T14:47:26","modified_gmt":"2018-02-07T13:47:26","slug":"les-plus-beaux-airs-dopera-volume-ii","status":"publish","type":"product","link":"https:\/\/www.imusiciveneziani.com\/fr\/prodotto\/les-plus-beaux-airs-dopera-volume-ii\/","title":{"rendered":"Les plus beaux airs d&#8217;op\u00e9ra &#8211; Volume II"},"content":{"rendered":"<p>L&#8217;Orchestre de I Musici Veneziani doit son nom c\u00e9l\u00e8bre \u00e0 la s\u00e9lection rigoureuse des professeurs les plus talentueux de la naissance et de la culture v\u00e9nitiennes. Dans cet enregistrement, le groupe r\u00e9alise, de mani\u00e8re fid\u00e8le et brillante, un programme consacr\u00e9 aux plus beaux airs de la tradition lyrique interpr\u00e9t\u00e9s par Soparno, Mezzosoprano, Tenore et Baritono. Les musiciens v\u00e9nitiens se produisent dans les plus importants auditoriums italiens, les \u00e9glises et les salles de concert, y compris la prestigieuse \u00e9glise de San Paolo dans les murs de Rome, dans laquelle ce CD a \u00e9t\u00e9 enregistr\u00e9.<\/p>\n<p>&nbsp;<\/p>\n<div id=\"player_audio\"><strong>Programme<\/strong><\/div>\n<div>\n<p><em>W. A. MOZART &#8211; \u201cDon Giovanni\u201d<\/em><br \/>\nDeh vieni alla finestra (1\u201959\u2019\u2019)<\/p>\n<p><em>W. A. MOZART &#8211; \u201cLe Nozze di Figaro\u201d<\/em><br \/>\nVia resti servita (2\u201917\u2019\u2019)<\/p>\n<p><em>G. ROSSINI &#8211; \u201cIl Barbiere di Siviglia\u201d<\/em><br \/>\nSe il mio nome (2\u201952\u2019\u2019)<\/p>\n<p><em>G. VERDI &#8211; \u201cLa Traviata\u201d<\/em><br \/>\nPreludio III Atto (3\u201914\u2019\u2019)<\/p>\n<p><em>G. ROSSINI &#8211; \u201cLa Scala di Seta\u201d<\/em><br \/>\nSento talor nell\u2019anima (2\u201920\u2019\u2019)<\/p>\n<p><em>G. ROSSINI &#8211; \u201cL\u2019Italiana in Algeri\u201d<\/em><br \/>\nLe femmine d\u2019Italia (2\u201930\u2019\u2019)<\/p>\n<p><em>A. PONCHIELLI &#8211; \u201cLa Gioconda\u201d<\/em><br \/>\nVoce di donna o d\u2019angelo (3\u201928\u2019\u2019)<\/p>\n<p><em>G. VERDI &#8211; \u201cLa Traviata\u201d<\/em><br \/>\nDei miei bollenti spiriti (3\u201943\u2019\u2019)<\/p>\n<p><em>G. BIZET &#8211; \u201cCarmen\u201d<\/em><br \/>\nEntr\u2019acte III (2\u201919\u2019\u2019)<\/p>\n<p><em>W. A. MOZART &#8211; \u201cDon Giovanni\u201d<\/em><br \/>\nLa\u0300 ci darem la mano (3\u201900\u2019\u2019)<\/p>\n<p><em>G. PUCCINI &#8211; \u201cTosca\u201d<\/em><br \/>\nE lucean le stelle (3\u201910\u2019\u2019)<\/p>\n<p><em>G. VERDI &#8211; \u201cIl Trovatore\u201d<\/em><br \/>\nStride la vampa (2\u201929\u2019\u2019)<\/p>\n<p><em>G. ROSSINI &#8211; \u201cIl Barbiere di Siviglia\u201d<\/em><br \/>\nLa calunnia (3\u201954\u2019\u2019)<\/p>\n<p><em>G. PUCCINI &#8211; \u201cLa Bohe\u0300me\u201d<\/em><br \/>\nQuando men vo\u0300 (2\u201927\u2019\u2019)<\/p>\n<p><em>G. VERDI &#8211; \u201cRigoletto\u201d<\/em><br \/>\nLa donna e\u0300 mobile (2\u201908\u2019\u2019)<\/p>\n<p><em>G. BIZET &#8211; \u201cCarmen\u201d<\/em><br \/>\nHabanera (3\u201904\u2019\u2019)<\/p>\n<p>&nbsp;<\/p>\n<\/div>\n","protected":false},"excerpt":{"rendered":"<p>L&#8217;Orchestre de I Musici Veneziani doit son nom c\u00e9l\u00e8bre \u00e0 la s\u00e9lection rigoureuse des professeurs les plus talentueux de la&#8230;<\/p>\n","protected":false},"featured_media":1148,"template":"","meta":[],"product_cat":[24],"product_tag":[],"acf":[],"yoast_head":"<!-- This site is optimized with the Yoast SEO plugin v21.5 - https:\/\/yoast.com\/wordpress\/plugins\/seo\/ -->\n<title>Les plus beaux airs d&#039;op\u00e9ra - Volume II | I Musici Veneziani<\/title>\n<meta name=\"description\" content=\"L&#039;Orchestre de I Musici Veneziani doit son nom c\u00e9l\u00e8bre \u00e0 la s\u00e9lection rigoureuse des professeurs les plus talentueux de la naissance et de la culture\" \/>\n<meta name=\"robots\" content=\"index, follow, max-snippet:-1, max-image-preview:large, max-video-preview:-1\" \/>\n<link rel=\"canonical\" href=\"https:\/\/www.imusiciveneziani.com\/fr\/prodotto\/les-plus-beaux-airs-dopera-volume-ii\/\" \/>\n<meta property=\"og:locale\" content=\"it_IT\" \/>\n<meta property=\"og:type\" content=\"article\" \/>\n<meta property=\"og:title\" content=\"Les plus beaux airs d&#039;op\u00e9ra - Volume II | I Musici Veneziani\" \/>\n<meta property=\"og:description\" content=\"L&#039;Orchestre de I Musici Veneziani doit son nom c\u00e9l\u00e8bre \u00e0 la s\u00e9lection rigoureuse des professeurs les plus talentueux de la naissance et de la culture\" \/>\n<meta property=\"og:url\" content=\"https:\/\/www.imusiciveneziani.com\/fr\/prodotto\/les-plus-beaux-airs-dopera-volume-ii\/\" \/>\n<meta property=\"og:site_name\" content=\"I Musici Veneziani\" \/>\n<meta property=\"article:modified_time\" content=\"2018-02-07T13:47:26+00:00\" \/>\n<meta property=\"og:image\" content=\"https:\/\/www.imusiciveneziani.com\/wp-content\/uploads\/2018\/01\/arie_opera_2.jpg\" \/>\n\t<meta property=\"og:image:width\" content=\"1451\" \/>\n\t<meta property=\"og:image:height\" content=\"1489\" \/>\n\t<meta property=\"og:image:type\" content=\"image\/jpeg\" \/>\n<meta name=\"twitter:card\" content=\"summary_large_image\" \/>\n<meta name=\"twitter:label1\" content=\"Tempo di lettura stimato\" \/>\n\t<meta name=\"twitter:data1\" content=\"1 minuto\" \/>\n<script type=\"application\/ld+json\" class=\"yoast-schema-graph\">{\"@context\":\"https:\/\/schema.org\",\"@graph\":[{\"@type\":\"WebPage\",\"@id\":\"https:\/\/www.imusiciveneziani.com\/fr\/prodotto\/les-plus-beaux-airs-dopera-volume-ii\/\",\"url\":\"https:\/\/www.imusiciveneziani.com\/fr\/prodotto\/les-plus-beaux-airs-dopera-volume-ii\/\",\"name\":\"Les plus beaux airs d'op\u00e9ra - Volume II | I Musici Veneziani\",\"isPartOf\":{\"@id\":\"https:\/\/www.imusiciveneziani.com\/#website\"},\"datePublished\":\"2018-01-29T11:19:16+00:00\",\"dateModified\":\"2018-02-07T13:47:26+00:00\",\"description\":\"L'Orchestre de I Musici Veneziani doit son nom c\u00e9l\u00e8bre \u00e0 la s\u00e9lection rigoureuse des professeurs les plus talentueux de la naissance et de la culture\",\"breadcrumb\":{\"@id\":\"https:\/\/www.imusiciveneziani.com\/fr\/prodotto\/les-plus-beaux-airs-dopera-volume-ii\/#breadcrumb\"},\"inLanguage\":\"it-IT\",\"potentialAction\":[{\"@type\":\"ReadAction\",\"target\":[\"https:\/\/www.imusiciveneziani.com\/fr\/prodotto\/les-plus-beaux-airs-dopera-volume-ii\/\"]}]},{\"@type\":\"BreadcrumbList\",\"@id\":\"https:\/\/www.imusiciveneziani.com\/fr\/prodotto\/les-plus-beaux-airs-dopera-volume-ii\/#breadcrumb\",\"itemListElement\":[{\"@type\":\"ListItem\",\"position\":1,\"name\":\"Home\",\"item\":\"https:\/\/www.imusiciveneziani.com\/\"},{\"@type\":\"ListItem\",\"position\":2,\"name\":\"Cd\",\"item\":\"https:\/\/www.imusiciveneziani.com\/cd\/\"},{\"@type\":\"ListItem\",\"position\":3,\"name\":\"Les plus beaux airs d&#8217;op\u00e9ra &#8211; Volume II\"}]},{\"@type\":\"WebSite\",\"@id\":\"https:\/\/www.imusiciveneziani.com\/#website\",\"url\":\"https:\/\/www.imusiciveneziani.com\/\",\"name\":\"I Musici Veneziani\",\"description\":\"Orchestra e cantanti in costumi del XVIII secolo\",\"publisher\":{\"@id\":\"https:\/\/www.imusiciveneziani.com\/#organization\"},\"potentialAction\":[{\"@type\":\"SearchAction\",\"target\":{\"@type\":\"EntryPoint\",\"urlTemplate\":\"https:\/\/www.imusiciveneziani.com\/?s={search_term_string}\"},\"query-input\":\"required name=search_term_string\"}],\"inLanguage\":\"it-IT\"},{\"@type\":\"Organization\",\"@id\":\"https:\/\/www.imusiciveneziani.com\/#organization\",\"name\":\"I Musici Veneziani\",\"url\":\"https:\/\/www.imusiciveneziani.com\/\",\"logo\":{\"@type\":\"ImageObject\",\"inLanguage\":\"it-IT\",\"@id\":\"https:\/\/www.imusiciveneziani.com\/#\/schema\/logo\/image\/\",\"url\":\"https:\/\/beta.newwave-media.it\/musici\/wp-content\/uploads\/2018\/01\/logo_voucher-2.jpg\",\"contentUrl\":\"https:\/\/beta.newwave-media.it\/musici\/wp-content\/uploads\/2018\/01\/logo_voucher-2.jpg\",\"width\":400,\"height\":200,\"caption\":\"I Musici Veneziani\"},\"image\":{\"@id\":\"https:\/\/www.imusiciveneziani.com\/#\/schema\/logo\/image\/\"}}]}<\/script>\n<!-- \/ Yoast SEO plugin. -->","yoast_head_json":{"title":"Les plus beaux airs d'op\u00e9ra - Volume II | I Musici Veneziani","description":"L'Orchestre de I Musici Veneziani doit son nom c\u00e9l\u00e8bre \u00e0 la s\u00e9lection rigoureuse des professeurs les plus talentueux de la naissance et de la culture","robots":{"index":"index","follow":"follow","max-snippet":"max-snippet:-1","max-image-preview":"max-image-preview:large","max-video-preview":"max-video-preview:-1"},"canonical":"https:\/\/www.imusiciveneziani.com\/fr\/prodotto\/les-plus-beaux-airs-dopera-volume-ii\/","og_locale":"it_IT","og_type":"article","og_title":"Les plus beaux airs d'op\u00e9ra - Volume II | I Musici Veneziani","og_description":"L'Orchestre de I Musici Veneziani doit son nom c\u00e9l\u00e8bre \u00e0 la s\u00e9lection rigoureuse des professeurs les plus talentueux de la naissance et de la culture","og_url":"https:\/\/www.imusiciveneziani.com\/fr\/prodotto\/les-plus-beaux-airs-dopera-volume-ii\/","og_site_name":"I Musici Veneziani","article_modified_time":"2018-02-07T13:47:26+00:00","og_image":[{"width":1451,"height":1489,"url":"https:\/\/www.imusiciveneziani.com\/wp-content\/uploads\/2018\/01\/arie_opera_2.jpg","type":"image\/jpeg"}],"twitter_card":"summary_large_image","twitter_misc":{"Tempo di lettura stimato":"1 minuto"},"schema":{"@context":"https:\/\/schema.org","@graph":[{"@type":"WebPage","@id":"https:\/\/www.imusiciveneziani.com\/fr\/prodotto\/les-plus-beaux-airs-dopera-volume-ii\/","url":"https:\/\/www.imusiciveneziani.com\/fr\/prodotto\/les-plus-beaux-airs-dopera-volume-ii\/","name":"Les plus beaux airs d'op\u00e9ra - Volume II | I Musici Veneziani","isPartOf":{"@id":"https:\/\/www.imusiciveneziani.com\/#website"},"datePublished":"2018-01-29T11:19:16+00:00","dateModified":"2018-02-07T13:47:26+00:00","description":"L'Orchestre de I Musici Veneziani doit son nom c\u00e9l\u00e8bre \u00e0 la s\u00e9lection rigoureuse des professeurs les plus talentueux de la naissance et de la culture","breadcrumb":{"@id":"https:\/\/www.imusiciveneziani.com\/fr\/prodotto\/les-plus-beaux-airs-dopera-volume-ii\/#breadcrumb"},"inLanguage":"it-IT","potentialAction":[{"@type":"ReadAction","target":["https:\/\/www.imusiciveneziani.com\/fr\/prodotto\/les-plus-beaux-airs-dopera-volume-ii\/"]}]},{"@type":"BreadcrumbList","@id":"https:\/\/www.imusiciveneziani.com\/fr\/prodotto\/les-plus-beaux-airs-dopera-volume-ii\/#breadcrumb","itemListElement":[{"@type":"ListItem","position":1,"name":"Home","item":"https:\/\/www.imusiciveneziani.com\/"},{"@type":"ListItem","position":2,"name":"Cd","item":"https:\/\/www.imusiciveneziani.com\/cd\/"},{"@type":"ListItem","position":3,"name":"Les plus beaux airs d&#8217;op\u00e9ra &#8211; Volume II"}]},{"@type":"WebSite","@id":"https:\/\/www.imusiciveneziani.com\/#website","url":"https:\/\/www.imusiciveneziani.com\/","name":"I Musici Veneziani","description":"Orchestra e cantanti in costumi del XVIII secolo","publisher":{"@id":"https:\/\/www.imusiciveneziani.com\/#organization"},"potentialAction":[{"@type":"SearchAction","target":{"@type":"EntryPoint","urlTemplate":"https:\/\/www.imusiciveneziani.com\/?s={search_term_string}"},"query-input":"required name=search_term_string"}],"inLanguage":"it-IT"},{"@type":"Organization","@id":"https:\/\/www.imusiciveneziani.com\/#organization","name":"I Musici Veneziani","url":"https:\/\/www.imusiciveneziani.com\/","logo":{"@type":"ImageObject","inLanguage":"it-IT","@id":"https:\/\/www.imusiciveneziani.com\/#\/schema\/logo\/image\/","url":"https:\/\/beta.newwave-media.it\/musici\/wp-content\/uploads\/2018\/01\/logo_voucher-2.jpg","contentUrl":"https:\/\/beta.newwave-media.it\/musici\/wp-content\/uploads\/2018\/01\/logo_voucher-2.jpg","width":400,"height":200,"caption":"I Musici Veneziani"},"image":{"@id":"https:\/\/www.imusiciveneziani.com\/#\/schema\/logo\/image\/"}}]}},"_links":{"self":[{"href":"https:\/\/www.imusiciveneziani.com\/wp-json\/wp\/v2\/product\/1426"}],"collection":[{"href":"https:\/\/www.imusiciveneziani.com\/wp-json\/wp\/v2\/product"}],"about":[{"href":"https:\/\/www.imusiciveneziani.com\/wp-json\/wp\/v2\/types\/product"}],"wp:featuredmedia":[{"embeddable":true,"href":"https:\/\/www.imusiciveneziani.com\/wp-json\/wp\/v2\/media\/1148"}],"wp:attachment":[{"href":"https:\/\/www.imusiciveneziani.com\/wp-json\/wp\/v2\/media?parent=1426"}],"wp:term":[{"taxonomy":"product_cat","embeddable":true,"href":"https:\/\/www.imusiciveneziani.com\/wp-json\/wp\/v2\/product_cat?post=1426"},{"taxonomy":"product_tag","embeddable":true,"href":"https:\/\/www.imusiciveneziani.com\/wp-json\/wp\/v2\/product_tag?post=1426"}],"curies":[{"name":"wp","href":"https:\/\/api.w.org\/{rel}","templated":true}]}}

Les plus beaux airs d&#8217;opéra &#8211; Volume II

<p>L&#8217;Orchestre de I Musici Veneziani doit son nom célèbre à la sélection rigoureuse des professeurs les plus talentueux de la naissance et de la culture vénitiennes. Dans cet enregistrement, le groupe réalise, de manière fidèle et brillante, un programme consacré aux plus beaux airs de la tradition lyrique interprétés par Soparno, Mezzosoprano, Tenore et Baritono. Les musiciens vénitiens se produisent dans les plus importants auditoriums italiens, les églises et les salles de concert, y compris la prestigieuse église de San Paolo dans les murs de Rome, dans laquelle ce CD a été enregistré.</p>
<p>&nbsp;</p>
<div id="player_audio"><strong>Programme</strong></div>
<div>
<p><em>W. A. MOZART &#8211; “Don Giovanni”</em><br />
Deh vieni alla finestra (1’59’’)</p>
<p><em>W. A. MOZART &#8211; “Le Nozze di Figaro”</em><br />
Via resti servita (2’17’’)</p>
<p><em>G. ROSSINI &#8211; “Il Barbiere di Siviglia”</em><br />
Se il mio nome (2’52’’)</p>
<p><em>G. VERDI &#8211; “La Traviata”</em><br />
Preludio III Atto (3’14’’)</p>
<p><em>G. ROSSINI &#8211; “La Scala di Seta”</em><br />
Sento talor nell’anima (2’20’’)</p>
<p><em>G. ROSSINI &#8211; “L’Italiana in Algeri”</em><br />
Le femmine d’Italia (2’30’’)</p>
<p><em>A. PONCHIELLI &#8211; “La Gioconda”</em><br />
Voce di donna o d’angelo (3’28’’)</p>
<p><em>G. VERDI &#8211; “La Traviata”</em><br />
Dei miei bollenti spiriti (3’43’’)</p>
<p><em>G. BIZET &#8211; “Carmen”</em><br />
Entr’acte III (2’19’’)</p>
<p><em>W. A. MOZART &#8211; “Don Giovanni”</em><br />
Là ci darem la mano (3’00’’)</p>
<p><em>G. PUCCINI &#8211; “Tosca”</em><br />
E lucean le stelle (3’10’’)</p>
<p><em>G. VERDI &#8211; “Il Trovatore”</em><br />
Stride la vampa (2’29’’)</p>
<p><em>G. ROSSINI &#8211; “Il Barbiere di Siviglia”</em><br />
La calunnia (3’54’’)</p>
<p><em>G. PUCCINI &#8211; “La Bohème”</em><br />
Quando men vò (2’27’’)</p>
<p><em>G. VERDI &#8211; “Rigoletto”</em><br />
La donna è mobile (2’08’’)</p>
<p><em>G. BIZET &#8211; “Carmen”</em><br />
Habanera (3’04’’)</p>
<p>&nbsp;</p>
</div>

<p>L&#8217;Orchestre de I Musici Veneziani doit son nom célèbre à la sélection rigoureuse des professeurs les plus talentueux de la&#8230;</p>

<!-- This site is optimized with the Yoast SEO plugin v21.5 - https://yoast.com/wordpress/plugins/seo/ -->
<title>Les plus beaux airs d&#039;opéra - Volume II | I Musici Veneziani</title>
<meta name="description" content="L&#039;Orchestre de I Musici Veneziani doit son nom célèbre à la sélection rigoureuse des professeurs les plus talentueux de la naissance et de la culture" />
<meta name="robots" content="index, follow, max-snippet:-1, max-image-preview:large, max-video-preview:-1" />
<link rel="canonical" href="https://www.imusiciveneziani.com/fr/prodotto/les-plus-beaux-airs-dopera-volume-ii/" />
<meta property="og:locale" content="it_IT" />
<meta property="og:type" content="article" />
<meta property="og:title" content="Les plus beaux airs d&#039;opéra - Volume II | I Musici Veneziani" />
<meta property="og:description" content="L&#039;Orchestre de I Musici Veneziani doit son nom célèbre à la sélection rigoureuse des professeurs les plus talentueux de la naissance et de la culture" />
<meta property="og:url" content="https://www.imusiciveneziani.com/fr/prodotto/les-plus-beaux-airs-dopera-volume-ii/" />
<meta property="og:site_name" content="I Musici Veneziani" />
<meta property="article:modified_time" content="2018-02-07T13:47:26+00:00" />
<meta property="og:image" content="https://www.imusiciveneziani.com/wp-content/uploads/2018/01/arie_opera_2.jpg" />
	<meta property="og:image:width" content="1451" />
	<meta property="og:image:height" content="1489" />
	<meta property="og:image:type" content="image/jpeg" />
<meta name="twitter:card" content="summary_large_image" />
<meta name="twitter:label1" content="Tempo di lettura stimato" />
	<meta name="twitter:data1" content="1 minuto" />
<script type="application/ld+json" class="yoast-schema-graph">{"@context":"https://schema.org","@graph":[{"@type":"WebPage","@id":"https://www.imusiciveneziani.com/fr/prodotto/les-plus-beaux-airs-dopera-volume-ii/","url":"https://www.imusiciveneziani.com/fr/prodotto/les-plus-beaux-airs-dopera-volume-ii/","name":"Les plus beaux airs d'opéra - Volume II | I Musici Veneziani","isPartOf":{"@id":"https://www.imusiciveneziani.com/#website"},"datePublished":"2018-01-29T11:19:16+00:00","dateModified":"2018-02-07T13:47:26+00:00","description":"L'Orchestre de I Musici Veneziani doit son nom célèbre à la sélection rigoureuse des professeurs les plus talentueux de la naissance et de la culture","breadcrumb":{"@id":"https://www.imusiciveneziani.com/fr/prodotto/les-plus-beaux-airs-dopera-volume-ii/#breadcrumb"},"inLanguage":"it-IT","potentialAction":[{"@type":"ReadAction","target":["https://www.imusiciveneziani.com/fr/prodotto/les-plus-beaux-airs-dopera-volume-ii/"]}]},{"@type":"BreadcrumbList","@id":"https://www.imusiciveneziani.com/fr/prodotto/les-plus-beaux-airs-dopera-volume-ii/#breadcrumb","itemListElement":[{"@type":"ListItem","position":1,"name":"Home","item":"https://www.imusiciveneziani.com/"},{"@type":"ListItem","position":2,"name":"Cd","item":"https://www.imusiciveneziani.com/cd/"},{"@type":"ListItem","position":3,"name":"Les plus beaux airs d&#8217;opéra &#8211; Volume II"}]},{"@type":"WebSite","@id":"https://www.imusiciveneziani.com/#website","url":"https://www.imusiciveneziani.com/","name":"I Musici Veneziani","description":"Orchestra e cantanti in costumi del XVIII secolo","publisher":{"@id":"https://www.imusiciveneziani.com/#organization"},"potentialAction":[{"@type":"SearchAction","target":{"@type":"EntryPoint","urlTemplate":"https://www.imusiciveneziani.com/?s={search_term_string}"},"query-input":"required name=search_term_string"}],"inLanguage":"it-IT"},{"@type":"Organization","@id":"https://www.imusiciveneziani.com/#organization","name":"I Musici Veneziani","url":"https://www.imusiciveneziani.com/","logo":{"@type":"ImageObject","inLanguage":"it-IT","@id":"https://www.imusiciveneziani.com/#/schema/logo/image/","url":"https://beta.newwave-media.it/musici/wp-content/uploads/2018/01/logo_voucher-2.jpg","contentUrl":"https://beta.newwave-media.it/musici/wp-content/uploads/2018/01/logo_voucher-2.jpg","width":400,"height":200,"caption":"I Musici Veneziani"},"image":{"@id":"https://www.imusiciveneziani.com/#/schema/logo/image/"}}]}</script>
<!-- / Yoast SEO plugin. -->

Les plus beaux airs d'opéra - Volume II | I Musici Veneziani

L'Orchestre de I Musici Veneziani doit son nom célèbre à la sélection rigoureuse des professeurs les plus talentueux de la naissance et de la culture
