{"id":1427,"date":"2018-01-29T12:45:27","date_gmt":"2018-01-29T11:45:27","guid":{"rendered":"http:\/\/www.imusiciveneziani.com\/prodotto\/opera-gran-gala-volume-i\/"},"modified":"2018-02-07T14:48:07","modified_gmt":"2018-02-07T13:48:07","slug":"opera-gran-gala-volume-i","status":"publish","type":"product","link":"https:\/\/www.imusiciveneziani.com\/fr\/prodotto\/opera-gran-gala-volume-i\/","title":{"rendered":"Opera Gran Gala &#8211; Volume I"},"content":{"rendered":"<div class=\"page\" title=\"Page 2\">\n<div class=\"section\">\n<div class=\"layoutArea\">\n<div class=\"column\">\n<div class=\"page\" title=\"Page 2\">\n<div class=\"section\">\n<div class=\"layoutArea\">\n<div class=\"column\">\u00a0LA R\u00c9UNION SPECTACULAIRE ENTRE BELCANTO ET L&#8217;HISTOIRE<\/div>\n<\/div>\n<\/div>\n<\/div>\n<p>L&#8217;Orchestre de I Musici Veneziani, compos\u00e9 de professeurs des plus prestigieux conservatoires italiens, est sp\u00e9cialis\u00e9 dans la reproposition du r\u00e9pertoire lyrique, en particulier en ce qui concerne les paroles de la tradition italienne. Avec \u00abOpera Gran Gala\u00bb il propose un parcours dans les \u0153uvres les plus connues et appr\u00e9ci\u00e9es du monde entier, racont\u00e9es \u00e0 travers les plus beaux airs, les duos inoubliables et les ouvertures les plus convaincantes.<\/p>\n<p>&nbsp;<\/p>\n<\/div>\n<p><strong>Programme<\/strong><\/p>\n<p><em>G. VERDI &#8211; \u201cLa Traviata\u201d<\/em><br \/>\nUn di\u0300 felice, eterea (3.22)<br \/>\nFollie, follie&#8230;Sempre libera (1.56)<br \/>\nDe\u2019 miei bollenti spiriti (3.34)<br \/>\nPreludio III atto (3.04)<br \/>\nParigi o cara (3.26)<\/p>\n<p><em>W. A. MOZART &#8211; \u201cDon Giovanni\u201d<\/em><br \/>\nLa\u0300 ci darem la mano (3.28)<br \/>\nDeh vieni alla finestra (2.06)<\/p>\n<p><em>G. PUCCINI &#8211; \u201cMadama Butterfly\u201d<\/em><br \/>\nUn bel di\u0300 vedremo (4.17)<\/p>\n<p><em>G. VERDI &#8211; \u201cIl Trovatore\u201d<\/em><br \/>\nStride la vampa (2.26)<br \/>\nIl bal\u00e8n del suo sorriso (3.07)<\/p>\n<p><em>G. BIZET &#8211; \u201cCarmen\u201d<\/em><br \/>\nL&#8217;amour est un oiseau rebelle (3.10)<br \/>\nVotre toast, je peux vous le rendre&#8230;Toreador (2.41)<br \/>\nLa fleur que tu m\u2019avais jete\u0301e (4.14)<br \/>\nEntr\u2019acte III (2.30)<\/p>\n<\/div>\n<\/div>\n<\/div>\n","protected":false},"excerpt":{"rendered":"<p>\u00a0LA R\u00c9UNION SPECTACULAIRE ENTRE BELCANTO ET L&#8217;HISTOIRE L&#8217;Orchestre de I Musici Veneziani, compos\u00e9 de professeurs des plus prestigieux conservatoires italiens,&#8230;<\/p>\n","protected":false},"featured_media":1158,"template":"","meta":[],"product_cat":[24],"product_tag":[],"acf":[],"yoast_head":"<!-- This site is optimized with the Yoast SEO plugin v21.5 - https:\/\/yoast.com\/wordpress\/plugins\/seo\/ -->\n<title>Opera Gran Gala - Volume I | I Musici Veneziani<\/title>\n<meta name=\"description\" content=\"\u00a0LA R\u00c9UNION SPECTACULAIRE ENTRE BELCANTO ET L&#039;HISTOIRE L&#039;Orchestre de I Musici Veneziani, compos\u00e9 de professeurs des plus prestigieux conservatoires\" \/>\n<meta name=\"robots\" content=\"index, follow, max-snippet:-1, max-image-preview:large, max-video-preview:-1\" \/>\n<link rel=\"canonical\" href=\"https:\/\/www.imusiciveneziani.com\/fr\/prodotto\/opera-gran-gala-volume-i\/\" \/>\n<meta property=\"og:locale\" content=\"it_IT\" \/>\n<meta property=\"og:type\" content=\"article\" \/>\n<meta property=\"og:title\" content=\"Opera Gran Gala - Volume I | I Musici Veneziani\" \/>\n<meta property=\"og:description\" content=\"\u00a0LA R\u00c9UNION SPECTACULAIRE ENTRE BELCANTO ET L&#039;HISTOIRE L&#039;Orchestre de I Musici Veneziani, compos\u00e9 de professeurs des plus prestigieux conservatoires\" \/>\n<meta property=\"og:url\" content=\"https:\/\/www.imusiciveneziani.com\/fr\/prodotto\/opera-gran-gala-volume-i\/\" \/>\n<meta property=\"og:site_name\" content=\"I Musici Veneziani\" \/>\n<meta property=\"article:modified_time\" content=\"2018-02-07T13:48:07+00:00\" \/>\n<meta property=\"og:image\" content=\"https:\/\/www.imusiciveneziani.com\/wp-content\/uploads\/2018\/01\/opera_gran_gala_1.jpg\" \/>\n\t<meta property=\"og:image:width\" content=\"1451\" \/>\n\t<meta property=\"og:image:height\" content=\"1489\" \/>\n\t<meta property=\"og:image:type\" content=\"image\/jpeg\" \/>\n<meta name=\"twitter:card\" content=\"summary_large_image\" \/>\n<meta name=\"twitter:label1\" content=\"Tempo di lettura stimato\" \/>\n\t<meta name=\"twitter:data1\" content=\"1 minuto\" \/>\n<script type=\"application\/ld+json\" class=\"yoast-schema-graph\">{\"@context\":\"https:\/\/schema.org\",\"@graph\":[{\"@type\":\"WebPage\",\"@id\":\"https:\/\/www.imusiciveneziani.com\/fr\/prodotto\/opera-gran-gala-volume-i\/\",\"url\":\"https:\/\/www.imusiciveneziani.com\/fr\/prodotto\/opera-gran-gala-volume-i\/\",\"name\":\"Opera Gran Gala - Volume I | I Musici Veneziani\",\"isPartOf\":{\"@id\":\"https:\/\/www.imusiciveneziani.com\/#website\"},\"datePublished\":\"2018-01-29T11:45:27+00:00\",\"dateModified\":\"2018-02-07T13:48:07+00:00\",\"description\":\"\u00a0LA R\u00c9UNION SPECTACULAIRE ENTRE BELCANTO ET L'HISTOIRE L'Orchestre de I Musici Veneziani, compos\u00e9 de professeurs des plus prestigieux conservatoires\",\"breadcrumb\":{\"@id\":\"https:\/\/www.imusiciveneziani.com\/fr\/prodotto\/opera-gran-gala-volume-i\/#breadcrumb\"},\"inLanguage\":\"it-IT\",\"potentialAction\":[{\"@type\":\"ReadAction\",\"target\":[\"https:\/\/www.imusiciveneziani.com\/fr\/prodotto\/opera-gran-gala-volume-i\/\"]}]},{\"@type\":\"BreadcrumbList\",\"@id\":\"https:\/\/www.imusiciveneziani.com\/fr\/prodotto\/opera-gran-gala-volume-i\/#breadcrumb\",\"itemListElement\":[{\"@type\":\"ListItem\",\"position\":1,\"name\":\"Home\",\"item\":\"https:\/\/www.imusiciveneziani.com\/\"},{\"@type\":\"ListItem\",\"position\":2,\"name\":\"Cd\",\"item\":\"https:\/\/www.imusiciveneziani.com\/cd\/\"},{\"@type\":\"ListItem\",\"position\":3,\"name\":\"Opera Gran Gala &#8211; Volume I\"}]},{\"@type\":\"WebSite\",\"@id\":\"https:\/\/www.imusiciveneziani.com\/#website\",\"url\":\"https:\/\/www.imusiciveneziani.com\/\",\"name\":\"I Musici Veneziani\",\"description\":\"Orchestra e cantanti in costumi del XVIII secolo\",\"publisher\":{\"@id\":\"https:\/\/www.imusiciveneziani.com\/#organization\"},\"potentialAction\":[{\"@type\":\"SearchAction\",\"target\":{\"@type\":\"EntryPoint\",\"urlTemplate\":\"https:\/\/www.imusiciveneziani.com\/?s={search_term_string}\"},\"query-input\":\"required name=search_term_string\"}],\"inLanguage\":\"it-IT\"},{\"@type\":\"Organization\",\"@id\":\"https:\/\/www.imusiciveneziani.com\/#organization\",\"name\":\"I Musici Veneziani\",\"url\":\"https:\/\/www.imusiciveneziani.com\/\",\"logo\":{\"@type\":\"ImageObject\",\"inLanguage\":\"it-IT\",\"@id\":\"https:\/\/www.imusiciveneziani.com\/#\/schema\/logo\/image\/\",\"url\":\"https:\/\/beta.newwave-media.it\/musici\/wp-content\/uploads\/2018\/01\/logo_voucher-2.jpg\",\"contentUrl\":\"https:\/\/beta.newwave-media.it\/musici\/wp-content\/uploads\/2018\/01\/logo_voucher-2.jpg\",\"width\":400,\"height\":200,\"caption\":\"I Musici Veneziani\"},\"image\":{\"@id\":\"https:\/\/www.imusiciveneziani.com\/#\/schema\/logo\/image\/\"}}]}<\/script>\n<!-- \/ Yoast SEO plugin. -->","yoast_head_json":{"title":"Opera Gran Gala - Volume I | I Musici Veneziani","description":"\u00a0LA R\u00c9UNION SPECTACULAIRE ENTRE BELCANTO ET L'HISTOIRE L'Orchestre de I Musici Veneziani, compos\u00e9 de professeurs des plus prestigieux conservatoires","robots":{"index":"index","follow":"follow","max-snippet":"max-snippet:-1","max-image-preview":"max-image-preview:large","max-video-preview":"max-video-preview:-1"},"canonical":"https:\/\/www.imusiciveneziani.com\/fr\/prodotto\/opera-gran-gala-volume-i\/","og_locale":"it_IT","og_type":"article","og_title":"Opera Gran Gala - Volume I | I Musici Veneziani","og_description":"\u00a0LA R\u00c9UNION SPECTACULAIRE ENTRE BELCANTO ET L'HISTOIRE L'Orchestre de I Musici Veneziani, compos\u00e9 de professeurs des plus prestigieux conservatoires","og_url":"https:\/\/www.imusiciveneziani.com\/fr\/prodotto\/opera-gran-gala-volume-i\/","og_site_name":"I Musici Veneziani","article_modified_time":"2018-02-07T13:48:07+00:00","og_image":[{"width":1451,"height":1489,"url":"https:\/\/www.imusiciveneziani.com\/wp-content\/uploads\/2018\/01\/opera_gran_gala_1.jpg","type":"image\/jpeg"}],"twitter_card":"summary_large_image","twitter_misc":{"Tempo di lettura stimato":"1 minuto"},"schema":{"@context":"https:\/\/schema.org","@graph":[{"@type":"WebPage","@id":"https:\/\/www.imusiciveneziani.com\/fr\/prodotto\/opera-gran-gala-volume-i\/","url":"https:\/\/www.imusiciveneziani.com\/fr\/prodotto\/opera-gran-gala-volume-i\/","name":"Opera Gran Gala - Volume I | I Musici Veneziani","isPartOf":{"@id":"https:\/\/www.imusiciveneziani.com\/#website"},"datePublished":"2018-01-29T11:45:27+00:00","dateModified":"2018-02-07T13:48:07+00:00","description":"\u00a0LA R\u00c9UNION SPECTACULAIRE ENTRE BELCANTO ET L'HISTOIRE L'Orchestre de I Musici Veneziani, compos\u00e9 de professeurs des plus prestigieux conservatoires","breadcrumb":{"@id":"https:\/\/www.imusiciveneziani.com\/fr\/prodotto\/opera-gran-gala-volume-i\/#breadcrumb"},"inLanguage":"it-IT","potentialAction":[{"@type":"ReadAction","target":["https:\/\/www.imusiciveneziani.com\/fr\/prodotto\/opera-gran-gala-volume-i\/"]}]},{"@type":"BreadcrumbList","@id":"https:\/\/www.imusiciveneziani.com\/fr\/prodotto\/opera-gran-gala-volume-i\/#breadcrumb","itemListElement":[{"@type":"ListItem","position":1,"name":"Home","item":"https:\/\/www.imusiciveneziani.com\/"},{"@type":"ListItem","position":2,"name":"Cd","item":"https:\/\/www.imusiciveneziani.com\/cd\/"},{"@type":"ListItem","position":3,"name":"Opera Gran Gala &#8211; Volume I"}]},{"@type":"WebSite","@id":"https:\/\/www.imusiciveneziani.com\/#website","url":"https:\/\/www.imusiciveneziani.com\/","name":"I Musici Veneziani","description":"Orchestra e cantanti in costumi del XVIII secolo","publisher":{"@id":"https:\/\/www.imusiciveneziani.com\/#organization"},"potentialAction":[{"@type":"SearchAction","target":{"@type":"EntryPoint","urlTemplate":"https:\/\/www.imusiciveneziani.com\/?s={search_term_string}"},"query-input":"required name=search_term_string"}],"inLanguage":"it-IT"},{"@type":"Organization","@id":"https:\/\/www.imusiciveneziani.com\/#organization","name":"I Musici Veneziani","url":"https:\/\/www.imusiciveneziani.com\/","logo":{"@type":"ImageObject","inLanguage":"it-IT","@id":"https:\/\/www.imusiciveneziani.com\/#\/schema\/logo\/image\/","url":"https:\/\/beta.newwave-media.it\/musici\/wp-content\/uploads\/2018\/01\/logo_voucher-2.jpg","contentUrl":"https:\/\/beta.newwave-media.it\/musici\/wp-content\/uploads\/2018\/01\/logo_voucher-2.jpg","width":400,"height":200,"caption":"I Musici Veneziani"},"image":{"@id":"https:\/\/www.imusiciveneziani.com\/#\/schema\/logo\/image\/"}}]}},"_links":{"self":[{"href":"https:\/\/www.imusiciveneziani.com\/wp-json\/wp\/v2\/product\/1427"}],"collection":[{"href":"https:\/\/www.imusiciveneziani.com\/wp-json\/wp\/v2\/product"}],"about":[{"href":"https:\/\/www.imusiciveneziani.com\/wp-json\/wp\/v2\/types\/product"}],"wp:featuredmedia":[{"embeddable":true,"href":"https:\/\/www.imusiciveneziani.com\/wp-json\/wp\/v2\/media\/1158"}],"wp:attachment":[{"href":"https:\/\/www.imusiciveneziani.com\/wp-json\/wp\/v2\/media?parent=1427"}],"wp:term":[{"taxonomy":"product_cat","embeddable":true,"href":"https:\/\/www.imusiciveneziani.com\/wp-json\/wp\/v2\/product_cat?post=1427"},{"taxonomy":"product_tag","embeddable":true,"href":"https:\/\/www.imusiciveneziani.com\/wp-json\/wp\/v2\/product_tag?post=1427"}],"curies":[{"name":"wp","href":"https:\/\/api.w.org\/{rel}","templated":true}]}}

<div class="page" title="Page 2">
<div class="section">
<div class="layoutArea">
<div class="column">
<div class="page" title="Page 2">
<div class="section">
<div class="layoutArea">
<div class="column"> LA RÉUNION SPECTACULAIRE ENTRE BELCANTO ET L&#8217;HISTOIRE</div>
</div>
</div>
</div>
<p>L&#8217;Orchestre de I Musici Veneziani, composé de professeurs des plus prestigieux conservatoires italiens, est spécialisé dans la reproposition du répertoire lyrique, en particulier en ce qui concerne les paroles de la tradition italienne. Avec «Opera Gran Gala» il propose un parcours dans les œuvres les plus connues et appréciées du monde entier, racontées à travers les plus beaux airs, les duos inoubliables et les ouvertures les plus convaincantes.</p>
<p>&nbsp;</p>
</div>
<p><strong>Programme</strong></p>
<p><em>G. VERDI &#8211; “La Traviata”</em><br />
Un dì felice, eterea (3.22)<br />
Follie, follie&#8230;Sempre libera (1.56)<br />
De’ miei bollenti spiriti (3.34)<br />
Preludio III atto (3.04)<br />
Parigi o cara (3.26)</p>
<p><em>W. A. MOZART &#8211; “Don Giovanni”</em><br />
Là ci darem la mano (3.28)<br />
Deh vieni alla finestra (2.06)</p>
<p><em>G. PUCCINI &#8211; “Madama Butterfly”</em><br />
Un bel dì vedremo (4.17)</p>
<p><em>G. VERDI &#8211; “Il Trovatore”</em><br />
Stride la vampa (2.26)<br />
Il balèn del suo sorriso (3.07)</p>
<p><em>G. BIZET &#8211; “Carmen”</em><br />
L&#8217;amour est un oiseau rebelle (3.10)<br />
Votre toast, je peux vous le rendre&#8230;Toreador (2.41)<br />
La fleur que tu m’avais jetée (4.14)<br />
Entr’acte III (2.30)</p>
</div>
</div>
</div>

<p> LA RÉUNION SPECTACULAIRE ENTRE BELCANTO ET L&#8217;HISTOIRE L&#8217;Orchestre de I Musici Veneziani, composé de professeurs des plus prestigieux conservatoires italiens,&#8230;</p>

<!-- This site is optimized with the Yoast SEO plugin v21.5 - https://yoast.com/wordpress/plugins/seo/ -->
<title>Opera Gran Gala - Volume I | I Musici Veneziani</title>
<meta name="description" content=" LA RÉUNION SPECTACULAIRE ENTRE BELCANTO ET L&#039;HISTOIRE L&#039;Orchestre de I Musici Veneziani, composé de professeurs des plus prestigieux conservatoires" />
<meta name="robots" content="index, follow, max-snippet:-1, max-image-preview:large, max-video-preview:-1" />
<link rel="canonical" href="https://www.imusiciveneziani.com/fr/prodotto/opera-gran-gala-volume-i/" />
<meta property="og:locale" content="it_IT" />
<meta property="og:type" content="article" />
<meta property="og:title" content="Opera Gran Gala - Volume I | I Musici Veneziani" />
<meta property="og:description" content=" LA RÉUNION SPECTACULAIRE ENTRE BELCANTO ET L&#039;HISTOIRE L&#039;Orchestre de I Musici Veneziani, composé de professeurs des plus prestigieux conservatoires" />
<meta property="og:url" content="https://www.imusiciveneziani.com/fr/prodotto/opera-gran-gala-volume-i/" />
<meta property="og:site_name" content="I Musici Veneziani" />
<meta property="article:modified_time" content="2018-02-07T13:48:07+00:00" />
<meta property="og:image" content="https://www.imusiciveneziani.com/wp-content/uploads/2018/01/opera_gran_gala_1.jpg" />
	<meta property="og:image:width" content="1451" />
	<meta property="og:image:height" content="1489" />
	<meta property="og:image:type" content="image/jpeg" />
<meta name="twitter:card" content="summary_large_image" />
<meta name="twitter:label1" content="Tempo di lettura stimato" />
	<meta name="twitter:data1" content="1 minuto" />
<script type="application/ld+json" class="yoast-schema-graph">{"@context":"https://schema.org","@graph":[{"@type":"WebPage","@id":"https://www.imusiciveneziani.com/fr/prodotto/opera-gran-gala-volume-i/","url":"https://www.imusiciveneziani.com/fr/prodotto/opera-gran-gala-volume-i/","name":"Opera Gran Gala - Volume I | I Musici Veneziani","isPartOf":{"@id":"https://www.imusiciveneziani.com/#website"},"datePublished":"2018-01-29T11:45:27+00:00","dateModified":"2018-02-07T13:48:07+00:00","description":" LA RÉUNION SPECTACULAIRE ENTRE BELCANTO ET L'HISTOIRE L'Orchestre de I Musici Veneziani, composé de professeurs des plus prestigieux conservatoires","breadcrumb":{"@id":"https://www.imusiciveneziani.com/fr/prodotto/opera-gran-gala-volume-i/#breadcrumb"},"inLanguage":"it-IT","potentialAction":[{"@type":"ReadAction","target":["https://www.imusiciveneziani.com/fr/prodotto/opera-gran-gala-volume-i/"]}]},{"@type":"BreadcrumbList","@id":"https://www.imusiciveneziani.com/fr/prodotto/opera-gran-gala-volume-i/#breadcrumb","itemListElement":[{"@type":"ListItem","position":1,"name":"Home","item":"https://www.imusiciveneziani.com/"},{"@type":"ListItem","position":2,"name":"Cd","item":"https://www.imusiciveneziani.com/cd/"},{"@type":"ListItem","position":3,"name":"Opera Gran Gala &#8211; Volume I"}]},{"@type":"WebSite","@id":"https://www.imusiciveneziani.com/#website","url":"https://www.imusiciveneziani.com/","name":"I Musici Veneziani","description":"Orchestra e cantanti in costumi del XVIII secolo","publisher":{"@id":"https://www.imusiciveneziani.com/#organization"},"potentialAction":[{"@type":"SearchAction","target":{"@type":"EntryPoint","urlTemplate":"https://www.imusiciveneziani.com/?s={search_term_string}"},"query-input":"required name=search_term_string"}],"inLanguage":"it-IT"},{"@type":"Organization","@id":"https://www.imusiciveneziani.com/#organization","name":"I Musici Veneziani","url":"https://www.imusiciveneziani.com/","logo":{"@type":"ImageObject","inLanguage":"it-IT","@id":"https://www.imusiciveneziani.com/#/schema/logo/image/","url":"https://beta.newwave-media.it/musici/wp-content/uploads/2018/01/logo_voucher-2.jpg","contentUrl":"https://beta.newwave-media.it/musici/wp-content/uploads/2018/01/logo_voucher-2.jpg","width":400,"height":200,"caption":"I Musici Veneziani"},"image":{"@id":"https://www.imusiciveneziani.com/#/schema/logo/image/"}}]}</script>
<!-- / Yoast SEO plugin. -->

LA RÉUNION SPECTACULAIRE ENTRE BELCANTO ET L'HISTOIRE L'Orchestre de I Musici Veneziani, composé de professeurs des plus prestigieux conservatoires
