{"id":1430,"date":"2018-01-29T13:35:08","date_gmt":"2018-01-29T12:35:08","guid":{"rendered":"http:\/\/www.imusiciveneziani.com\/prodotto\/belcanto-a-venezia\/"},"modified":"2018-02-07T14:49:32","modified_gmt":"2018-02-07T13:49:32","slug":"belcanto-a-venise","status":"publish","type":"product","link":"https:\/\/www.imusiciveneziani.com\/fr\/prodotto\/belcanto-a-venise\/","title":{"rendered":"Belcanto \u00e0 Venise"},"content":{"rendered":"<p>L&#8217;Orchestre de I Musici Veneziani est form\u00e9 par la s\u00e9lection des ma\u00eetres les plus talentueux de la naissance ou de la culture v\u00e9nitienne. Dans ce CD, l&#8217;orchestre et les chanteurs accompagnent l&#8217;auditeur dans un excursus des plus c\u00e9l\u00e8bres airs d&#8217;op\u00e9ra.<\/p>\n<p>Les concerts de I Musici Veneziani, anoblis par les splendides costumes et joyaux du XVIIIe si\u00e8cle, se d\u00e9roulent dans le magnifique Salone Capitolare, au premier \u00e9tage de la Scuola Grande de San Teodoro \u00e0 Rialto, con\u00e7u par Baldassarre Longhena et orn\u00e9 de peintures du XVIIe si\u00e8cle. 700 du Vassilacchi, Jacopo Palma le Jeune, Balestra, Bassano. \u00c0 ce jour, le plus prestigieux Concert Hall de Venise.<\/p>\n<p>&nbsp;<\/p>\n<div class=\"page\" title=\"Page 2\">\n<div class=\"section\">\n<div class=\"layoutArea\">\n<div class=\"column\"><strong>\u00a0Programme<\/strong><\/div>\n<p><em>D.CIMAROSA<\/em><br \/>\nSinfonia in Re maggiore per Orchestra (3&#8217;47\u201d)<\/p>\n<p><em>G.ROSSINI<\/em><br \/>\n\u201cItaliana in Algeri\u201d &#8211; \u201cLe femmine d\u2019Italia\u201d per Baritono (2\u201935\u201d)<\/p>\n<p><em>G.B. PERGOLESI<\/em><br \/>\n\u201cLa Serva Padrona\u201d &#8211; \u201cStizzoso mio stizzoso\u201d per Soprano (3\u201953\u201d)<\/p>\n<p><em>G.B. PERGOLESI<\/em><br \/>\n\u201cLa Serva Padrona\u201d &#8211; \u201cLo conosco a quegli occhietti\u201d per Soprano e Baritono (4\u201948\u201d)<\/p>\n<p><em>J.OFFENBACH<\/em><br \/>\n\u201cI Racconti di Hoffman\u201d &#8211; \u201cBarcarola\u201d per Orchestra (2\u201925\u201d)<\/p>\n<p><em>W.A.MOZART<\/em><br \/>\n\u201cDon Giovanni\u201d &#8211; \u201cMadamina, il catalogo \u00e8 questo\u201d per Baritono (5\u201947\u201d)<\/p>\n<p><em>G.ROSSINI<\/em><br \/>\n\u201cIl Turco in Italia\u201d &#8211; \u201cNon si d\u00e0 follia maggiore\u201d per Soprano (3\u201931\u201d)<\/p>\n<p><em>L.BOCCHERINI<\/em><br \/>\n\u201cMinuetto e trio\u201d per Orchestra (3\u201923\u201d)<\/p>\n<p><em>G.DONIZETTI<\/em><br \/>\n\u201cDon Pasquale\u201d &#8211; \u201cQuel guardo il cavaliere\u201d per Soprano (4\u201950\u201d)<\/p>\n<p><em>V.BELLINI<\/em><br \/>\n\u201cLa Sonnambula\u201d &#8211; \u201cVi ravviso o luoghi ameni\u201d per Baritono (3\u201957\u201d)<\/p>\n<p><em>G.VERDI<\/em><br \/>\n\u201cLa Traviata\u201d &#8211; \u201cPreludio al primo atto\u201d per Orchestra (3\u201944\u201d)<\/p>\n<p><em>G.DONIZETTI<\/em><br \/>\n\u201cL\u2019Elisir d\u2019Amore\u201d &#8211; \u201cQuanto amore! ed io spietata\u201d per Soprano e Baritono (5\u201931\u201d)<\/p>\n<\/div>\n<\/div>\n<\/div>\n","protected":false},"excerpt":{"rendered":"<p>L&#8217;Orchestre de I Musici Veneziani est form\u00e9 par la s\u00e9lection des ma\u00eetres les plus talentueux de la naissance ou de&#8230;<\/p>\n","protected":false},"featured_media":1188,"template":"","meta":[],"product_cat":[24],"product_tag":[],"acf":[],"yoast_head":"<!-- This site is optimized with the Yoast SEO plugin v21.5 - https:\/\/yoast.com\/wordpress\/plugins\/seo\/ -->\n<title>Belcanto \u00e0 Venise | I Musici Veneziani<\/title>\n<meta name=\"description\" content=\"L&#039;Orchestre de I Musici Veneziani est form\u00e9 par la s\u00e9lection des ma\u00eetres les plus talentueux de la naissance ou de la culture v\u00e9nitienne. Dans ce CD,\" \/>\n<meta name=\"robots\" content=\"index, follow, max-snippet:-1, max-image-preview:large, max-video-preview:-1\" \/>\n<link rel=\"canonical\" href=\"https:\/\/www.imusiciveneziani.com\/fr\/prodotto\/belcanto-a-venise\/\" \/>\n<meta property=\"og:locale\" content=\"it_IT\" \/>\n<meta property=\"og:type\" content=\"article\" \/>\n<meta property=\"og:title\" content=\"Belcanto \u00e0 Venise | I Musici Veneziani\" \/>\n<meta property=\"og:description\" content=\"L&#039;Orchestre de I Musici Veneziani est form\u00e9 par la s\u00e9lection des ma\u00eetres les plus talentueux de la naissance ou de la culture v\u00e9nitienne. Dans ce CD,\" \/>\n<meta property=\"og:url\" content=\"https:\/\/www.imusiciveneziani.com\/fr\/prodotto\/belcanto-a-venise\/\" \/>\n<meta property=\"og:site_name\" content=\"I Musici Veneziani\" \/>\n<meta property=\"article:modified_time\" content=\"2018-02-07T13:49:32+00:00\" \/>\n<meta property=\"og:image\" content=\"https:\/\/www.imusiciveneziani.com\/wp-content\/uploads\/2018\/01\/belcanto_cd.jpg\" \/>\n\t<meta property=\"og:image:width\" content=\"1419\" \/>\n\t<meta property=\"og:image:height\" content=\"1468\" \/>\n\t<meta property=\"og:image:type\" content=\"image\/jpeg\" \/>\n<meta name=\"twitter:card\" content=\"summary_large_image\" \/>\n<meta name=\"twitter:label1\" content=\"Tempo di lettura stimato\" \/>\n\t<meta name=\"twitter:data1\" content=\"1 minuto\" \/>\n<script type=\"application\/ld+json\" class=\"yoast-schema-graph\">{\"@context\":\"https:\/\/schema.org\",\"@graph\":[{\"@type\":\"WebPage\",\"@id\":\"https:\/\/www.imusiciveneziani.com\/fr\/prodotto\/belcanto-a-venise\/\",\"url\":\"https:\/\/www.imusiciveneziani.com\/fr\/prodotto\/belcanto-a-venise\/\",\"name\":\"Belcanto \u00e0 Venise | I Musici Veneziani\",\"isPartOf\":{\"@id\":\"https:\/\/www.imusiciveneziani.com\/#website\"},\"datePublished\":\"2018-01-29T12:35:08+00:00\",\"dateModified\":\"2018-02-07T13:49:32+00:00\",\"description\":\"L'Orchestre de I Musici Veneziani est form\u00e9 par la s\u00e9lection des ma\u00eetres les plus talentueux de la naissance ou de la culture v\u00e9nitienne. Dans ce CD,\",\"breadcrumb\":{\"@id\":\"https:\/\/www.imusiciveneziani.com\/fr\/prodotto\/belcanto-a-venise\/#breadcrumb\"},\"inLanguage\":\"it-IT\",\"potentialAction\":[{\"@type\":\"ReadAction\",\"target\":[\"https:\/\/www.imusiciveneziani.com\/fr\/prodotto\/belcanto-a-venise\/\"]}]},{\"@type\":\"BreadcrumbList\",\"@id\":\"https:\/\/www.imusiciveneziani.com\/fr\/prodotto\/belcanto-a-venise\/#breadcrumb\",\"itemListElement\":[{\"@type\":\"ListItem\",\"position\":1,\"name\":\"Home\",\"item\":\"https:\/\/www.imusiciveneziani.com\/\"},{\"@type\":\"ListItem\",\"position\":2,\"name\":\"Cd\",\"item\":\"https:\/\/www.imusiciveneziani.com\/cd\/\"},{\"@type\":\"ListItem\",\"position\":3,\"name\":\"Belcanto \u00e0 Venise\"}]},{\"@type\":\"WebSite\",\"@id\":\"https:\/\/www.imusiciveneziani.com\/#website\",\"url\":\"https:\/\/www.imusiciveneziani.com\/\",\"name\":\"I Musici Veneziani\",\"description\":\"Orchestra e cantanti in costumi del XVIII secolo\",\"publisher\":{\"@id\":\"https:\/\/www.imusiciveneziani.com\/#organization\"},\"potentialAction\":[{\"@type\":\"SearchAction\",\"target\":{\"@type\":\"EntryPoint\",\"urlTemplate\":\"https:\/\/www.imusiciveneziani.com\/?s={search_term_string}\"},\"query-input\":\"required name=search_term_string\"}],\"inLanguage\":\"it-IT\"},{\"@type\":\"Organization\",\"@id\":\"https:\/\/www.imusiciveneziani.com\/#organization\",\"name\":\"I Musici Veneziani\",\"url\":\"https:\/\/www.imusiciveneziani.com\/\",\"logo\":{\"@type\":\"ImageObject\",\"inLanguage\":\"it-IT\",\"@id\":\"https:\/\/www.imusiciveneziani.com\/#\/schema\/logo\/image\/\",\"url\":\"https:\/\/beta.newwave-media.it\/musici\/wp-content\/uploads\/2018\/01\/logo_voucher-2.jpg\",\"contentUrl\":\"https:\/\/beta.newwave-media.it\/musici\/wp-content\/uploads\/2018\/01\/logo_voucher-2.jpg\",\"width\":400,\"height\":200,\"caption\":\"I Musici Veneziani\"},\"image\":{\"@id\":\"https:\/\/www.imusiciveneziani.com\/#\/schema\/logo\/image\/\"}}]}<\/script>\n<!-- \/ Yoast SEO plugin. -->","yoast_head_json":{"title":"Belcanto \u00e0 Venise | I Musici Veneziani","description":"L'Orchestre de I Musici Veneziani est form\u00e9 par la s\u00e9lection des ma\u00eetres les plus talentueux de la naissance ou de la culture v\u00e9nitienne. Dans ce CD,","robots":{"index":"index","follow":"follow","max-snippet":"max-snippet:-1","max-image-preview":"max-image-preview:large","max-video-preview":"max-video-preview:-1"},"canonical":"https:\/\/www.imusiciveneziani.com\/fr\/prodotto\/belcanto-a-venise\/","og_locale":"it_IT","og_type":"article","og_title":"Belcanto \u00e0 Venise | I Musici Veneziani","og_description":"L'Orchestre de I Musici Veneziani est form\u00e9 par la s\u00e9lection des ma\u00eetres les plus talentueux de la naissance ou de la culture v\u00e9nitienne. Dans ce CD,","og_url":"https:\/\/www.imusiciveneziani.com\/fr\/prodotto\/belcanto-a-venise\/","og_site_name":"I Musici Veneziani","article_modified_time":"2018-02-07T13:49:32+00:00","og_image":[{"width":1419,"height":1468,"url":"https:\/\/www.imusiciveneziani.com\/wp-content\/uploads\/2018\/01\/belcanto_cd.jpg","type":"image\/jpeg"}],"twitter_card":"summary_large_image","twitter_misc":{"Tempo di lettura stimato":"1 minuto"},"schema":{"@context":"https:\/\/schema.org","@graph":[{"@type":"WebPage","@id":"https:\/\/www.imusiciveneziani.com\/fr\/prodotto\/belcanto-a-venise\/","url":"https:\/\/www.imusiciveneziani.com\/fr\/prodotto\/belcanto-a-venise\/","name":"Belcanto \u00e0 Venise | I Musici Veneziani","isPartOf":{"@id":"https:\/\/www.imusiciveneziani.com\/#website"},"datePublished":"2018-01-29T12:35:08+00:00","dateModified":"2018-02-07T13:49:32+00:00","description":"L'Orchestre de I Musici Veneziani est form\u00e9 par la s\u00e9lection des ma\u00eetres les plus talentueux de la naissance ou de la culture v\u00e9nitienne. Dans ce CD,","breadcrumb":{"@id":"https:\/\/www.imusiciveneziani.com\/fr\/prodotto\/belcanto-a-venise\/#breadcrumb"},"inLanguage":"it-IT","potentialAction":[{"@type":"ReadAction","target":["https:\/\/www.imusiciveneziani.com\/fr\/prodotto\/belcanto-a-venise\/"]}]},{"@type":"BreadcrumbList","@id":"https:\/\/www.imusiciveneziani.com\/fr\/prodotto\/belcanto-a-venise\/#breadcrumb","itemListElement":[{"@type":"ListItem","position":1,"name":"Home","item":"https:\/\/www.imusiciveneziani.com\/"},{"@type":"ListItem","position":2,"name":"Cd","item":"https:\/\/www.imusiciveneziani.com\/cd\/"},{"@type":"ListItem","position":3,"name":"Belcanto \u00e0 Venise"}]},{"@type":"WebSite","@id":"https:\/\/www.imusiciveneziani.com\/#website","url":"https:\/\/www.imusiciveneziani.com\/","name":"I Musici Veneziani","description":"Orchestra e cantanti in costumi del XVIII secolo","publisher":{"@id":"https:\/\/www.imusiciveneziani.com\/#organization"},"potentialAction":[{"@type":"SearchAction","target":{"@type":"EntryPoint","urlTemplate":"https:\/\/www.imusiciveneziani.com\/?s={search_term_string}"},"query-input":"required name=search_term_string"}],"inLanguage":"it-IT"},{"@type":"Organization","@id":"https:\/\/www.imusiciveneziani.com\/#organization","name":"I Musici Veneziani","url":"https:\/\/www.imusiciveneziani.com\/","logo":{"@type":"ImageObject","inLanguage":"it-IT","@id":"https:\/\/www.imusiciveneziani.com\/#\/schema\/logo\/image\/","url":"https:\/\/beta.newwave-media.it\/musici\/wp-content\/uploads\/2018\/01\/logo_voucher-2.jpg","contentUrl":"https:\/\/beta.newwave-media.it\/musici\/wp-content\/uploads\/2018\/01\/logo_voucher-2.jpg","width":400,"height":200,"caption":"I Musici Veneziani"},"image":{"@id":"https:\/\/www.imusiciveneziani.com\/#\/schema\/logo\/image\/"}}]}},"_links":{"self":[{"href":"https:\/\/www.imusiciveneziani.com\/wp-json\/wp\/v2\/product\/1430"}],"collection":[{"href":"https:\/\/www.imusiciveneziani.com\/wp-json\/wp\/v2\/product"}],"about":[{"href":"https:\/\/www.imusiciveneziani.com\/wp-json\/wp\/v2\/types\/product"}],"wp:featuredmedia":[{"embeddable":true,"href":"https:\/\/www.imusiciveneziani.com\/wp-json\/wp\/v2\/media\/1188"}],"wp:attachment":[{"href":"https:\/\/www.imusiciveneziani.com\/wp-json\/wp\/v2\/media?parent=1430"}],"wp:term":[{"taxonomy":"product_cat","embeddable":true,"href":"https:\/\/www.imusiciveneziani.com\/wp-json\/wp\/v2\/product_cat?post=1430"},{"taxonomy":"product_tag","embeddable":true,"href":"https:\/\/www.imusiciveneziani.com\/wp-json\/wp\/v2\/product_tag?post=1430"}],"curies":[{"name":"wp","href":"https:\/\/api.w.org\/{rel}","templated":true}]}}

Belcanto à Venise

<p>L&#8217;Orchestre de I Musici Veneziani est formé par la sélection des maîtres les plus talentueux de la naissance ou de la culture vénitienne. Dans ce CD, l&#8217;orchestre et les chanteurs accompagnent l&#8217;auditeur dans un excursus des plus célèbres airs d&#8217;opéra.</p>
<p>Les concerts de I Musici Veneziani, anoblis par les splendides costumes et joyaux du XVIIIe siècle, se déroulent dans le magnifique Salone Capitolare, au premier étage de la Scuola Grande de San Teodoro à Rialto, conçu par Baldassarre Longhena et orné de peintures du XVIIe siècle. 700 du Vassilacchi, Jacopo Palma le Jeune, Balestra, Bassano. À ce jour, le plus prestigieux Concert Hall de Venise.</p>
<p>&nbsp;</p>
<div class="page" title="Page 2">
<div class="section">
<div class="layoutArea">
<div class="column"><strong> Programme</strong></div>
<p><em>D.CIMAROSA</em><br />
Sinfonia in Re maggiore per Orchestra (3&#8217;47”)</p>
<p><em>G.ROSSINI</em><br />
“Italiana in Algeri” &#8211; “Le femmine d’Italia” per Baritono (2’35”)</p>
<p><em>G.B. PERGOLESI</em><br />
“La Serva Padrona” &#8211; “Stizzoso mio stizzoso” per Soprano (3’53”)</p>
<p><em>G.B. PERGOLESI</em><br />
“La Serva Padrona” &#8211; “Lo conosco a quegli occhietti” per Soprano e Baritono (4’48”)</p>
<p><em>J.OFFENBACH</em><br />
“I Racconti di Hoffman” &#8211; “Barcarola” per Orchestra (2’25”)</p>
<p><em>W.A.MOZART</em><br />
“Don Giovanni” &#8211; “Madamina, il catalogo è questo” per Baritono (5’47”)</p>
<p><em>G.ROSSINI</em><br />
“Il Turco in Italia” &#8211; “Non si dà follia maggiore” per Soprano (3’31”)</p>
<p><em>L.BOCCHERINI</em><br />
“Minuetto e trio” per Orchestra (3’23”)</p>
<p><em>G.DONIZETTI</em><br />
“Don Pasquale” &#8211; “Quel guardo il cavaliere” per Soprano (4’50”)</p>
<p><em>V.BELLINI</em><br />
“La Sonnambula” &#8211; “Vi ravviso o luoghi ameni” per Baritono (3’57”)</p>
<p><em>G.VERDI</em><br />
“La Traviata” &#8211; “Preludio al primo atto” per Orchestra (3’44”)</p>
<p><em>G.DONIZETTI</em><br />
“L’Elisir d’Amore” &#8211; “Quanto amore! ed io spietata” per Soprano e Baritono (5’31”)</p>
</div>
</div>
</div>

<p>L&#8217;Orchestre de I Musici Veneziani est formé par la sélection des maîtres les plus talentueux de la naissance ou de&#8230;</p>

<!-- This site is optimized with the Yoast SEO plugin v21.5 - https://yoast.com/wordpress/plugins/seo/ -->
<title>Belcanto à Venise | I Musici Veneziani</title>
<meta name="description" content="L&#039;Orchestre de I Musici Veneziani est formé par la sélection des maîtres les plus talentueux de la naissance ou de la culture vénitienne. Dans ce CD," />
<meta name="robots" content="index, follow, max-snippet:-1, max-image-preview:large, max-video-preview:-1" />
<link rel="canonical" href="https://www.imusiciveneziani.com/fr/prodotto/belcanto-a-venise/" />
<meta property="og:locale" content="it_IT" />
<meta property="og:type" content="article" />
<meta property="og:title" content="Belcanto à Venise | I Musici Veneziani" />
<meta property="og:description" content="L&#039;Orchestre de I Musici Veneziani est formé par la sélection des maîtres les plus talentueux de la naissance ou de la culture vénitienne. Dans ce CD," />
<meta property="og:url" content="https://www.imusiciveneziani.com/fr/prodotto/belcanto-a-venise/" />
<meta property="og:site_name" content="I Musici Veneziani" />
<meta property="article:modified_time" content="2018-02-07T13:49:32+00:00" />
<meta property="og:image" content="https://www.imusiciveneziani.com/wp-content/uploads/2018/01/belcanto_cd.jpg" />
	<meta property="og:image:width" content="1419" />
	<meta property="og:image:height" content="1468" />
	<meta property="og:image:type" content="image/jpeg" />
<meta name="twitter:card" content="summary_large_image" />
<meta name="twitter:label1" content="Tempo di lettura stimato" />
	<meta name="twitter:data1" content="1 minuto" />
<script type="application/ld+json" class="yoast-schema-graph">{"@context":"https://schema.org","@graph":[{"@type":"WebPage","@id":"https://www.imusiciveneziani.com/fr/prodotto/belcanto-a-venise/","url":"https://www.imusiciveneziani.com/fr/prodotto/belcanto-a-venise/","name":"Belcanto à Venise | I Musici Veneziani","isPartOf":{"@id":"https://www.imusiciveneziani.com/#website"},"datePublished":"2018-01-29T12:35:08+00:00","dateModified":"2018-02-07T13:49:32+00:00","description":"L'Orchestre de I Musici Veneziani est formé par la sélection des maîtres les plus talentueux de la naissance ou de la culture vénitienne. Dans ce CD,","breadcrumb":{"@id":"https://www.imusiciveneziani.com/fr/prodotto/belcanto-a-venise/#breadcrumb"},"inLanguage":"it-IT","potentialAction":[{"@type":"ReadAction","target":["https://www.imusiciveneziani.com/fr/prodotto/belcanto-a-venise/"]}]},{"@type":"BreadcrumbList","@id":"https://www.imusiciveneziani.com/fr/prodotto/belcanto-a-venise/#breadcrumb","itemListElement":[{"@type":"ListItem","position":1,"name":"Home","item":"https://www.imusiciveneziani.com/"},{"@type":"ListItem","position":2,"name":"Cd","item":"https://www.imusiciveneziani.com/cd/"},{"@type":"ListItem","position":3,"name":"Belcanto à Venise"}]},{"@type":"WebSite","@id":"https://www.imusiciveneziani.com/#website","url":"https://www.imusiciveneziani.com/","name":"I Musici Veneziani","description":"Orchestra e cantanti in costumi del XVIII secolo","publisher":{"@id":"https://www.imusiciveneziani.com/#organization"},"potentialAction":[{"@type":"SearchAction","target":{"@type":"EntryPoint","urlTemplate":"https://www.imusiciveneziani.com/?s={search_term_string}"},"query-input":"required name=search_term_string"}],"inLanguage":"it-IT"},{"@type":"Organization","@id":"https://www.imusiciveneziani.com/#organization","name":"I Musici Veneziani","url":"https://www.imusiciveneziani.com/","logo":{"@type":"ImageObject","inLanguage":"it-IT","@id":"https://www.imusiciveneziani.com/#/schema/logo/image/","url":"https://beta.newwave-media.it/musici/wp-content/uploads/2018/01/logo_voucher-2.jpg","contentUrl":"https://beta.newwave-media.it/musici/wp-content/uploads/2018/01/logo_voucher-2.jpg","width":400,"height":200,"caption":"I Musici Veneziani"},"image":{"@id":"https://www.imusiciveneziani.com/#/schema/logo/image/"}}]}</script>
<!-- / Yoast SEO plugin. -->

Belcanto à Venise | I Musici Veneziani

L'Orchestre de I Musici Veneziani est formé par la sélection des maîtres les plus talentueux de la naissance ou de la culture vénitienne. Dans ce CD,
